Last updated on 2022-06-25 15:51:22 CEST.
Flavor | Version | Tinstall | Tcheck | Ttotal | Status | Flags |
---|---|---|---|---|---|---|
r-devel-linux-x86_64-debian-clang | 0.81.0 | 55.93 | 49.06 | 104.99 | OK | |
r-devel-linux-x86_64-debian-gcc | 0.81.0 | 46.45 | 37.57 | 84.02 | OK | |
r-devel-linux-x86_64-fedora-clang | 0.81.0 | 195.22 | WARN | |||
r-devel-linux-x86_64-fedora-gcc | 0.81.0 | 154.23 | WARN | |||
r-devel-windows-x86_64 | 0.81.0 | 70.00 | 93.00 | 163.00 | OK | |
r-patched-linux-x86_64 | 0.81.0 | 45.20 | 47.00 | 92.20 | OK | |
r-release-linux-x86_64 | 0.81.0 | 53.27 | 48.03 | 101.30 | OK | |
r-release-macos-arm64 | 0.81.0 | 39.00 | NOTE | |||
r-release-macos-x86_64 | 0.81.0 | 56.00 | NOTE | |||
r-release-windows-x86_64 | 0.81.0 | 70.00 | 98.00 | 168.00 | OK | |
r-oldrel-macos-arm64 | 0.81.0 | 46.00 | NOTE | |||
r-oldrel-macos-x86_64 | 0.81.0 | 78.00 | NOTE | |||
r-oldrel-windows-ix86+x86_64 | 0.81.0 | 159.00 | 88.00 | 247.00 | OK |
Version: 0.81.0
Check: package dependencies
Result: WARN
Requires (indirectly) orphaned package: ‘gtools’
Flavors: r-devel-linux-x86_64-fedora-clang, r-devel-linux-x86_64-fedora-gcc
Version: 0.81.0
Check: package dependencies
Result: NOTE
Packages suggested but not available for checking:
'rtracklayer', 'GenomicRanges', 'BSgenome',
'BSgenome.Hsapiens.UCSC.hg18.masked',
'BSgenome.Hsapiens.UCSC.hg19.masked', 'BiocGenerics', 'Biostrings',
'GenomeInfoDb', 'IRanges', 'S4Vectors'
Flavor: r-release-macos-arm64
Version: 0.81.0
Check: package dependencies
Result: NOTE
Packages suggested but not available for checking:
'BSgenome.Hsapiens.UCSC.hg18.masked',
'BSgenome.Hsapiens.UCSC.hg19.masked'
Flavors: r-release-macos-x86_64, r-oldrel-macos-x86_64
Version: 0.81.0
Check: package dependencies
Result: NOTE
Packages suggested but not available for checking:
'rtracklayer', 'GenomicRanges', 'BSgenome',
'BSgenome.Hsapiens.UCSC.hg18.masked',
'BSgenome.Hsapiens.UCSC.hg19.masked'
Flavor: r-oldrel-macos-arm64