Last updated on 2021-01-26 15:49:46 CET.
Flavor | Version | Tinstall | Tcheck | Ttotal | Status | Flags |
---|---|---|---|---|---|---|
r-devel-linux-x86_64-debian-clang | 0.81.0 | 60.33 | 44.46 | 104.79 | OK | |
r-devel-linux-x86_64-debian-gcc | 0.81.0 | 36.89 | 35.21 | 72.10 | OK | |
r-devel-linux-x86_64-fedora-clang | 0.81.0 | 167.55 | OK | |||
r-devel-linux-x86_64-fedora-gcc | 0.81.0 | 130.15 | OK | |||
r-devel-windows-ix86+x86_64 | 0.81.0 | 153.00 | 90.00 | 243.00 | OK | |
r-patched-linux-x86_64 | 0.81.0 | 45.69 | 42.83 | 88.52 | OK | |
r-patched-solaris-x86 | 0.81.0 | 137.80 | OK | |||
r-release-linux-x86_64 | 0.81.0 | 43.41 | 43.06 | 86.47 | OK | |
r-release-macos-x86_64 | 0.81.0 | NOTE | ||||
r-release-windows-ix86+x86_64 | 0.81.0 | 151.00 | 68.00 | 219.00 | OK | |
r-oldrel-macos-x86_64 | 0.81.0 | NOTE | ||||
r-oldrel-windows-ix86+x86_64 | 0.81.0 | 105.00 | 82.00 | 187.00 | OK |
Version: 0.81.0
Check: package dependencies
Result: NOTE
Packages suggested but not available for checking:
'BSgenome.Hsapiens.UCSC.hg18.masked',
'BSgenome.Hsapiens.UCSC.hg19.masked'
Flavors: r-release-macos-x86_64, r-oldrel-macos-x86_64