CRAN Package Check Results for Package gigg

Last updated on 2022-10-01 03:54:09 CEST.

Flavor Version Tinstall Tcheck Ttotal Status Flags
r-devel-linux-x86_64-debian-clang 0.2.1 41.88 30.58 72.46 OK
r-devel-linux-x86_64-debian-gcc 0.2.1 32.88 24.05 56.93 OK
r-devel-linux-x86_64-fedora-clang 0.2.1 120.01 OK
r-devel-linux-x86_64-fedora-gcc 0.2.1 116.20 OK
r-devel-windows-x86_64 0.2.1 50.00 80.00 130.00 OK
r-patched-linux-x86_64 0.2.1 36.80 29.59 66.39 OK
r-release-linux-x86_64 0.2.1 39.20 29.34 68.54 OK
r-release-macos-arm64 0.2.1 31.00 OK
r-release-macos-x86_64 0.2.1 55.00 OK
r-release-windows-x86_64 0.2.1 46.00 79.00 125.00 OK
r-oldrel-macos-arm64 0.2.1 38.00 NOTE
r-oldrel-macos-x86_64 0.2.1 79.00 OK
r-oldrel-windows-ix86+x86_64 0.2.1 113.00 83.00 196.00 OK

Check Details

Version: 0.2.1
Check: installed package size
Result: NOTE
     installed size is 5.5Mb
     sub-directories of 1Mb or more:
     libs 4.9Mb
Flavor: r-oldrel-macos-arm64