CRAN Package Check Results for Package gifski

Last updated on 2024-06-13 03:49:19 CEST.

Flavor Version Tinstall Tcheck Ttotal Status Flags
r-devel-linux-x86_64-debian-clang 1.12.0-2 197.91 20.97 218.88 OK
r-devel-linux-x86_64-debian-gcc 1.12.0-2 149.45 17.14 166.59 NOTE
r-devel-linux-x86_64-fedora-clang 1.12.0-2 349.02 OK
r-devel-linux-x86_64-fedora-gcc 1.12.0-2 329.45 OK
r-devel-windows-x86_64 1.12.0-2 93.00 58.00 151.00 OK
r-patched-linux-x86_64 1.12.0-2 203.56 20.75 224.31 OK
r-release-linux-x86_64 1.12.0-2 207.02 21.06 228.08 OK
r-release-macos-arm64 1.12.0-2 64.00 NOTE
r-release-macos-x86_64 1.12.0-2 68.00 NOTE
r-release-windows-x86_64 1.12.0-2 94.00 90.00 184.00 OK
r-oldrel-macos-arm64 1.12.0-2 65.00 NOTE
r-oldrel-macos-x86_64 1.12.0-2 81.00 NOTE
r-oldrel-windows-x86_64 1.12.0-2 99.00 78.00 177.00 OK

Check Details

Version: 1.12.0-2
Check: package dependencies
Result: NOTE Packages suggested but not available for checking: 'ggplot2', 'gapminder' Flavor: r-devel-linux-x86_64-debian-gcc

Version: 1.12.0-2
Check: installed package size
Result: NOTE installed size is 8.8Mb sub-directories of 1Mb or more: libs 8.7Mb Flavors: r-release-macos-arm64, r-release-macos-x86_64, r-oldrel-macos-arm64, r-oldrel-macos-x86_64