Last updated on 2022-06-26 03:50:01 CEST.
Flavor | Version | Tinstall | Tcheck | Ttotal | Status | Flags |
---|---|---|---|---|---|---|
r-devel-linux-x86_64-debian-clang | 0.5.0 | 24.88 | 250.73 | 275.61 | OK | |
r-devel-linux-x86_64-debian-gcc | 0.5.0 | 19.51 | 158.00 | 177.51 | OK | |
r-devel-linux-x86_64-fedora-clang | 0.5.0 | 257.10 | NOTE | |||
r-devel-linux-x86_64-fedora-gcc | 0.5.0 | 253.33 | NOTE | |||
r-devel-windows-x86_64 | 0.5.0 | 44.00 | 321.00 | 365.00 | OK | |
r-patched-linux-x86_64 | 0.5.0 | 20.69 | 203.02 | 223.71 | OK | |
r-release-linux-x86_64 | 0.5.0 | 22.71 | 200.54 | 223.25 | OK | |
r-release-macos-arm64 | 0.5.0 | 148.00 | NOTE | |||
r-release-macos-x86_64 | 0.5.0 | 192.00 | NOTE | |||
r-release-windows-x86_64 | 0.5.0 | 27.00 | 295.00 | 322.00 | OK | |
r-oldrel-macos-arm64 | 0.5.0 | 240.00 | NOTE | |||
r-oldrel-macos-x86_64 | 0.5.0 | 255.00 | NOTE | |||
r-oldrel-windows-ix86+x86_64 | 0.5.0 | 62.00 | 289.00 | 351.00 | OK |
Version: 0.5.0
Check: data for non-ASCII characters
Result: NOTE
Note: found 203 marked UTF-8 strings
Flavors: r-devel-linux-x86_64-fedora-clang, r-devel-linux-x86_64-fedora-gcc, r-release-macos-arm64, r-release-macos-x86_64, r-oldrel-macos-arm64, r-oldrel-macos-x86_64