CRAN Package Check Results for Package ggtern

Last updated on 2022-09-25 03:54:31 CEST.

Flavor Version Tinstall Tcheck Ttotal Status Flags
r-devel-linux-x86_64-debian-clang 3.3.5 19.73 164.09 183.82 OK
r-devel-linux-x86_64-debian-gcc 3.3.5 15.77 115.39 131.16 OK
r-devel-linux-x86_64-fedora-clang 3.3.5 227.09 NOTE
r-devel-linux-x86_64-fedora-gcc 3.3.5 228.32 NOTE
r-devel-windows-x86_64 3.3.5 75.00 192.00 267.00 OK
r-patched-linux-x86_64 3.3.5 20.91 146.40 167.31 OK
r-release-linux-x86_64 3.3.5 14.32 145.28 159.60 OK
r-release-macos-arm64 3.3.5 52.00 NOTE
r-release-macos-x86_64 3.3.5 102.00 NOTE
r-release-windows-x86_64 3.3.5 80.00 183.00 263.00 OK
r-oldrel-macos-arm64 3.3.5 66.00 NOTE
r-oldrel-macos-x86_64 3.3.5 73.00 NOTE
r-oldrel-windows-ix86+x86_64 3.3.5 38.00 177.00 215.00 OK

Check Details

Version: 3.3.5
Check: dependencies in R code
Result: NOTE
    Namespace in Imports field not imported from: ‘hexbin’
     All declared Imports should be used.
Flavors: r-devel-linux-x86_64-fedora-clang, r-devel-linux-x86_64-fedora-gcc, r-release-macos-arm64, r-release-macos-x86_64, r-oldrel-macos-arm64, r-oldrel-macos-x86_64

Version: 3.3.5
Check: Rd cross-references
Result: NOTE
    Undeclared packages ‘chemometrics’, ‘rlang’ in Rd xrefs
Flavor: r-devel-linux-x86_64-fedora-clang