Last updated on 2023-02-08 04:07:04 CET.
Flavor | Version | Tinstall | Tcheck | Ttotal | Status | Flags |
---|---|---|---|---|---|---|
r-devel-linux-x86_64-debian-clang | 2.9 | 6.12 | 132.51 | 138.63 | NOTE | |
r-devel-linux-x86_64-debian-gcc | 2.9 | 5.32 | 94.24 | 99.56 | NOTE | |
r-devel-linux-x86_64-fedora-clang | 2.9 | 165.95 | NOTE | |||
r-devel-linux-x86_64-fedora-gcc | 2.9 | 167.26 | NOTE | |||
r-devel-windows-x86_64 | 2.9 | 40.00 | 180.00 | 220.00 | NOTE | |
r-patched-linux-x86_64 | 2.9 | 6.16 | 121.46 | 127.62 | NOTE | |
r-release-linux-x86_64 | 2.9 | 6.57 | 121.95 | 128.52 | NOTE | |
r-release-macos-arm64 | 2.9 | 58.00 | NOTE | |||
r-release-macos-x86_64 | 2.9 | 74.00 | NOTE | |||
r-release-windows-x86_64 | 2.9 | 41.00 | 189.00 | 230.00 | NOTE | |
r-oldrel-macos-arm64 | 2.9 | 89.00 | NOTE | |||
r-oldrel-macos-x86_64 | 2.9 | 84.00 | NOTE | |||
r-oldrel-windows-ix86+x86_64 | 2.9 | 14.00 | 148.00 | 162.00 | NOTE |
Version: 2.9
Check: LazyData
Result: NOTE
'LazyData' is specified without a 'data' directory
Flavors: r-devel-linux-x86_64-debian-clang, r-devel-linux-x86_64-debian-gcc, r-devel-linux-x86_64-fedora-clang, r-devel-linux-x86_64-fedora-gcc, r-devel-windows-x86_64, r-patched-linux-x86_64, r-release-linux-x86_64, r-release-macos-arm64, r-release-macos-x86_64, r-release-windows-x86_64, r-oldrel-macos-arm64, r-oldrel-macos-x86_64, r-oldrel-windows-ix86+x86_64