Last updated on 2022-07-03 03:49:56 CEST.
Flavor | Version | Tinstall | Tcheck | Ttotal | Status | Flags |
---|---|---|---|---|---|---|
r-devel-linux-x86_64-debian-clang | 1.3 | 17.11 | 135.24 | 152.35 | OK | |
r-devel-linux-x86_64-debian-gcc | 1.3 | 13.49 | 99.18 | 112.67 | OK | |
r-devel-linux-x86_64-fedora-clang | 1.3 | 184.89 | NOTE | |||
r-devel-linux-x86_64-fedora-gcc | 1.3 | 183.38 | NOTE | |||
r-devel-windows-x86_64 | 1.3 | 19.00 | 151.00 | 170.00 | OK | |
r-patched-linux-x86_64 | 1.3 | 14.51 | 127.89 | 142.40 | OK | |
r-release-linux-x86_64 | 1.3 | 12.71 | 125.35 | 138.06 | OK | |
r-release-macos-arm64 | 1.3 | 60.00 | NOTE | |||
r-release-macos-x86_64 | 1.3 | 84.00 | NOTE | |||
r-release-windows-x86_64 | 1.3 | 23.00 | 150.00 | 173.00 | OK | |
r-oldrel-macos-arm64 | 1.3 | 52.00 | NOTE | |||
r-oldrel-macos-x86_64 | 1.3 | 65.00 | NOTE | |||
r-oldrel-windows-ix86+x86_64 | 1.3 | 38.00 | 145.00 | 183.00 | OK |
Version: 1.3
Check: dependencies in R code
Result: NOTE
Namespaces in Imports field not imported from:
‘nomogramFormula’ ‘survival’
All declared Imports should be used.
Flavors: r-devel-linux-x86_64-fedora-clang, r-devel-linux-x86_64-fedora-gcc, r-release-macos-arm64, r-release-macos-x86_64, r-oldrel-macos-arm64, r-oldrel-macos-x86_64