Last updated on 2022-05-28 03:54:45 CEST.
Flavor | Version | Tinstall | Tcheck | Ttotal | Status | Flags |
---|---|---|---|---|---|---|
r-devel-linux-x86_64-debian-clang | 0.9.1 | 25.29 | 95.92 | 121.21 | WARN | |
r-devel-linux-x86_64-debian-gcc | 0.9.1 | 22.41 | 72.71 | 95.12 | OK | |
r-devel-linux-x86_64-fedora-clang | 0.9.1 | 153.34 | WARN | |||
r-devel-linux-x86_64-fedora-gcc | 0.9.1 | 145.84 | OK | |||
r-devel-windows-x86_64 | 0.9.1 | 30.00 | 153.00 | 183.00 | OK | |
r-patched-linux-x86_64 | 0.9.1 | 23.73 | 92.81 | 116.54 | OK | |
r-release-linux-x86_64 | 0.9.1 | 22.90 | 92.03 | 114.93 | OK | |
r-release-macos-arm64 | 0.9.1 | 47.00 | OK | |||
r-release-macos-x86_64 | 0.9.1 | 85.00 | OK | |||
r-release-windows-x86_64 | 0.9.1 | 34.00 | 136.00 | 170.00 | OK | |
r-oldrel-macos-arm64 | 0.9.1 | 60.00 | OK | |||
r-oldrel-macos-x86_64 | 0.9.1 | 86.00 | OK | |||
r-oldrel-windows-ix86+x86_64 | 0.9.1 | 69.00 | 160.00 | 229.00 | OK |
Version: 0.9.1
Check: whether package can be installed
Result: WARN
Found the following significant warnings:
repel_boxes.cpp:183:7: warning: use of bitwise '&' with boolean operands [-Wbitwise-instead-of-logical]
repel_boxes.cpp:193:7: warning: use of bitwise '&' with boolean operands [-Wbitwise-instead-of-logical]
Flavors: r-devel-linux-x86_64-debian-clang, r-devel-linux-x86_64-fedora-clang