CRAN Package Check Results for Package ggquickeda

Last updated on 2022-07-02 15:52:19 CEST.

Flavor Version Tinstall Tcheck Ttotal Status Flags
r-devel-linux-x86_64-debian-clang 0.2.2 8.93 71.39 80.32 OK
r-devel-linux-x86_64-debian-gcc 0.2.2 6.11 52.98 59.09 OK
r-devel-linux-x86_64-fedora-clang 0.2.2 102.50 NOTE
r-devel-linux-x86_64-fedora-gcc 0.2.2 100.16 NOTE
r-devel-windows-x86_64 0.2.2 49.00 113.00 162.00 OK
r-patched-linux-x86_64 0.2.2 14.69 65.95 80.64 OK
r-release-linux-x86_64 0.2.2 7.72 65.48 73.20 OK
r-release-macos-arm64 0.2.2 35.00 NOTE
r-release-macos-x86_64 0.2.2 48.00 NOTE
r-release-windows-x86_64 0.2.2 42.00 110.00 152.00 OK
r-oldrel-macos-arm64 0.2.2 32.00 NOTE
r-oldrel-macos-x86_64 0.2.2 49.00 NOTE
r-oldrel-windows-ix86+x86_64 0.2.2 21.00 95.00 116.00 OK

Check Details

Version: 0.2.2
Check: package dependencies
Result: NOTE
    Imports includes 28 non-default packages.
    Importing from so many packages makes the package vulnerable to any of
    them becoming unavailable. Move as many as possible to Suggests and
    use conditionally.
Flavor: r-devel-linux-x86_64-fedora-clang

Version: 0.2.2
Check: dependencies in R code
Result: NOTE
    Namespaces in Imports field not imported from:
     ‘DT’ ‘Formula’ ‘GGally’ ‘Hmisc’ ‘RPostgres’ ‘colourpicker’ ‘dplyr’
     ‘ggpmisc’ ‘ggpubr’ ‘ggrepel’ ‘gridExtra’ ‘markdown’ ‘plotly’
     ‘quantreg’ ‘rlang’ ‘shinyFiles’ ‘shinyjqui’ ‘shinyjs’ ‘survival’
     ‘survminer’ ‘table1’ ‘tidyr’ ‘zoo’
     All declared Imports should be used.
Flavors: r-devel-linux-x86_64-fedora-clang, r-devel-linux-x86_64-fedora-gcc, r-release-macos-arm64, r-release-macos-x86_64, r-oldrel-macos-arm64, r-oldrel-macos-x86_64