CRAN Package Check Results for Package ggpointdensity

Last updated on 2023-02-08 04:07:04 CET.

Flavor Version Tinstall Tcheck Ttotal Status Flags
r-devel-linux-x86_64-debian-clang 0.1.0 5.14 50.04 55.18 NOTE
r-devel-linux-x86_64-debian-gcc 0.1.0 4.17 38.68 42.85 NOTE
r-devel-linux-x86_64-fedora-clang 0.1.0 73.75 NOTE
r-devel-linux-x86_64-fedora-gcc 0.1.0 67.48 NOTE
r-devel-windows-x86_64 0.1.0 17.00 79.00 96.00 NOTE
r-patched-linux-x86_64 0.1.0 10.55 51.11 61.66 NOTE
r-release-linux-x86_64 0.1.0 5.07 50.44 55.51 NOTE
r-release-macos-arm64 0.1.0 28.00 NOTE
r-release-macos-x86_64 0.1.0 42.00 NOTE
r-release-windows-x86_64 0.1.0 16.00 92.00 108.00 NOTE
r-oldrel-macos-arm64 0.1.0 28.00 NOTE
r-oldrel-macos-x86_64 0.1.0 43.00 NOTE
r-oldrel-windows-ix86+x86_64 0.1.0 16.00 100.00 116.00 NOTE

Check Details

Version: 0.1.0
Check: LazyData
Result: NOTE
     'LazyData' is specified without a 'data' directory
Flavors: r-devel-linux-x86_64-debian-clang, r-devel-linux-x86_64-debian-gcc, r-devel-linux-x86_64-fedora-clang, r-devel-linux-x86_64-fedora-gcc, r-devel-windows-x86_64, r-patched-linux-x86_64, r-release-linux-x86_64, r-release-macos-arm64, r-release-macos-x86_64, r-release-windows-x86_64, r-oldrel-macos-arm64, r-oldrel-macos-x86_64, r-oldrel-windows-ix86+x86_64