CRAN Package Check Results for Package ggpointdensity

Last updated on 2022-09-24 15:55:21 CEST.

Flavor Version Tinstall Tcheck Ttotal Status Flags
r-devel-linux-x86_64-debian-clang 0.1.0 5.57 57.62 63.19 NOTE
r-devel-linux-x86_64-debian-gcc 0.1.0 4.43 43.75 48.18 NOTE
r-devel-linux-x86_64-fedora-clang 0.1.0 86.56 NOTE
r-devel-linux-x86_64-fedora-gcc 0.1.0 89.26 NOTE
r-devel-windows-x86_64 0.1.0 10.00 83.00 93.00 NOTE
r-patched-linux-x86_64 0.1.0 9.60 55.26 64.86 NOTE
r-release-linux-x86_64 0.1.0 5.08 55.62 60.70 NOTE
r-release-macos-arm64 0.1.0 28.00 NOTE
r-release-macos-x86_64 0.1.0 42.00 NOTE
r-release-windows-x86_64 0.1.0 15.00 84.00 99.00 NOTE
r-oldrel-macos-arm64 0.1.0 28.00 NOTE
r-oldrel-macos-x86_64 0.1.0 43.00 NOTE
r-oldrel-windows-ix86+x86_64 0.1.0 18.00 109.00 127.00 NOTE

Check Details

Version: 0.1.0
Check: LazyData
Result: NOTE
     'LazyData' is specified without a 'data' directory
Flavors: r-devel-linux-x86_64-debian-clang, r-devel-linux-x86_64-debian-gcc, r-devel-linux-x86_64-fedora-clang, r-devel-linux-x86_64-fedora-gcc, r-devel-windows-x86_64, r-patched-linux-x86_64, r-release-linux-x86_64, r-release-macos-arm64, r-release-macos-x86_64, r-release-windows-x86_64, r-oldrel-macos-arm64, r-oldrel-macos-x86_64, r-oldrel-windows-ix86+x86_64