CRAN Package Check Results for Package ggplot2

Last updated on 2020-08-12 15:48:13 CEST.

Flavor Version Tinstall Tcheck Ttotal Status Flags
r-devel-linux-x86_64-debian-clang 3.3.2 26.11 399.90 426.01 OK
r-devel-linux-x86_64-debian-gcc 3.3.2 21.36 288.87 310.23 OK
r-devel-linux-x86_64-fedora-clang 3.3.2 473.71 NOTE
r-devel-linux-x86_64-fedora-gcc 3.3.2 467.67 NOTE
r-devel-windows-ix86+x86_64 3.3.2 41.00 564.00 605.00 OK
r-patched-linux-x86_64 3.3.2 24.16 377.35 401.51 OK
r-patched-solaris-x86 3.3.2 594.10 NOTE
r-release-linux-x86_64 3.3.2 22.96 379.19 402.15 OK
r-release-macos-x86_64 3.3.2 NOTE
r-release-windows-ix86+x86_64 3.3.2 58.00 574.00 632.00 OK
r-oldrel-macos-x86_64 3.3.2 NOTE
r-oldrel-windows-ix86+x86_64 3.3.2 36.00 450.00 486.00 OK

Check Details

Version: 3.3.2
Check: dependencies in R code
Result: NOTE
    Namespace in Imports field not imported from: ‘mgcv’
     All declared Imports should be used.
Flavors: r-devel-linux-x86_64-fedora-clang, r-devel-linux-x86_64-fedora-gcc, r-patched-solaris-x86, r-release-macos-x86_64, r-oldrel-macos-x86_64

Version: 3.3.2
Check: installed package size
Result: NOTE
     installed size is 5.2Mb
     sub-directories of 1Mb or more:
     R 1.3Mb
     doc 2.0Mb
Flavor: r-patched-solaris-x86

Version: 3.3.2
Check: package dependencies
Result: NOTE
    Package suggested but not available for checking: ‘vdiffr’
Flavor: r-release-macos-x86_64