CRAN Package Check Results for Package ggplot2

Last updated on 2020-10-19 15:48:45 CEST.

Flavor Version Tinstall Tcheck Ttotal Status Flags
r-devel-linux-x86_64-debian-clang 3.3.2 23.31 414.56 437.87 OK
r-devel-linux-x86_64-debian-gcc 3.3.2 20.77 294.01 314.78 OK
r-devel-linux-x86_64-fedora-clang 3.3.2 532.29 NOTE
r-devel-linux-x86_64-fedora-gcc 3.3.2 479.03 NOTE
r-devel-windows-ix86+x86_64 3.3.2 30.00 360.00 390.00 OK
r-patched-linux-x86_64 3.3.2 27.10 378.68 405.78 OK
r-patched-solaris-x86 3.3.2 596.00 NOTE
r-release-linux-x86_64 3.3.2 27.25 374.88 402.13 OK
r-release-macos-x86_64 3.3.2 NOTE
r-release-windows-ix86+x86_64 3.3.2 41.00 355.00 396.00 OK
r-oldrel-macos-x86_64 3.3.2 NOTE
r-oldrel-windows-ix86+x86_64 3.3.2 30.00 388.00 418.00 OK

Check Details

Version: 3.3.2
Check: dependencies in R code
Result: NOTE
    Namespace in Imports field not imported from: ‘mgcv’
     All declared Imports should be used.
Flavors: r-devel-linux-x86_64-fedora-clang, r-devel-linux-x86_64-fedora-gcc, r-patched-solaris-x86, r-release-macos-x86_64, r-oldrel-macos-x86_64

Version: 3.3.2
Check: installed package size
Result: NOTE
     installed size is 5.2Mb
     sub-directories of 1Mb or more:
     R 1.3Mb
     doc 2.0Mb
Flavor: r-patched-solaris-x86

Version: 3.3.2
Check: package dependencies
Result: NOTE
    Package suggested but not available for checking: ‘vdiffr’
Flavor: r-release-macos-x86_64