CRAN Package Check Results for Package ggmsa

Last updated on 2020-09-24 03:52:56 CEST.

Flavor Version Tinstall Tcheck Ttotal Status Flags
r-devel-linux-x86_64-debian-clang 0.0.4 15.01 177.61 192.62 OK
r-devel-linux-x86_64-debian-gcc 0.0.4 13.42 132.86 146.28 OK
r-devel-linux-x86_64-fedora-clang 0.0.4 242.30 OK
r-devel-linux-x86_64-fedora-gcc 0.0.4 230.74 OK
r-devel-windows-ix86+x86_64 0.0.4 39.00 274.00 313.00 OK
r-patched-linux-x86_64 0.0.4 13.97 168.15 182.12 OK
r-patched-solaris-x86 0.0.4 348.80 OK
r-release-linux-x86_64 0.0.4 14.55 169.15 183.70 OK
r-release-macos-x86_64 0.0.4 NOTE
r-release-windows-ix86+x86_64 0.0.4 43.00 257.00 300.00 OK
r-oldrel-macos-x86_64 0.0.4 OK
r-oldrel-windows-ix86+x86_64 0.0.4 23.00 246.00 269.00 OK

Check Details

Version: 0.0.4
Check: package dependencies
Result: NOTE
    Package suggested but not available for checking: ‘ggtree’
Flavor: r-release-macos-x86_64