CRAN Package Check Results for Package ggmosaic

Last updated on 2020-09-23 16:38:42 CEST.

Flavor Version Tinstall Tcheck Ttotal Status Flags
r-devel-linux-x86_64-debian-clang 0.2.0 7.24 61.39 68.63 OK
r-devel-linux-x86_64-debian-gcc 0.2.0 6.25 46.71 52.96 OK
r-devel-linux-x86_64-fedora-clang 0.2.0 91.81 NOTE
r-devel-linux-x86_64-fedora-gcc 0.2.0 80.94 OK
r-devel-windows-ix86+x86_64 0.2.0 40.00 81.00 121.00 OK
r-patched-linux-x86_64 0.2.0 7.35 57.75 65.10 OK
r-patched-solaris-x86 0.2.0 109.90 OK
r-release-linux-x86_64 0.2.0 6.38 58.41 64.79 OK
r-release-macos-x86_64 0.2.0 OK
r-release-windows-ix86+x86_64 0.2.0 18.00 84.00 102.00 OK
r-oldrel-macos-x86_64 0.2.0 OK
r-oldrel-windows-ix86+x86_64 0.2.0 11.00 82.00 93.00 OK

Check Details

Version: 0.2.0
Check: Rd cross-references
Result: NOTE
    Undeclared package ‘scales’ in Rd xrefs
Flavor: r-devel-linux-x86_64-fedora-clang