Last updated on 2022-08-09 15:56:15 CEST.
Flavor | Version | Tinstall | Tcheck | Ttotal | Status | Flags |
---|---|---|---|---|---|---|
r-devel-linux-x86_64-debian-clang | 0.1.3 | 6.97 | 70.51 | 77.48 | OK | |
r-devel-linux-x86_64-debian-gcc | 0.1.3 | 6.07 | 51.95 | 58.02 | OK | |
r-devel-linux-x86_64-fedora-clang | 0.1.3 | 101.06 | NOTE | |||
r-devel-linux-x86_64-fedora-gcc | 0.1.3 | 98.08 | NOTE | |||
r-devel-windows-x86_64 | 0.1.3 | 21.00 | 95.00 | 116.00 | OK | |
r-patched-linux-x86_64 | 0.1.3 | 5.30 | 65.87 | 71.17 | OK | |
r-release-linux-x86_64 | 0.1.3 | OK | ||||
r-release-macos-arm64 | 0.1.3 | 38.00 | NOTE | |||
r-release-macos-x86_64 | 0.1.3 | 47.00 | NOTE | |||
r-release-windows-x86_64 | 0.1.3 | 21.00 | 102.00 | 123.00 | OK | |
r-oldrel-macos-arm64 | 0.1.3 | 32.00 | NOTE | |||
r-oldrel-macos-x86_64 | 0.1.3 | 48.00 | NOTE | |||
r-oldrel-windows-ix86+x86_64 | 0.1.3 | 18.00 | 88.00 | 106.00 | OK |
Version: 0.1.3
Check: dependencies in R code
Result: NOTE
Namespaces in Imports field not imported from:
‘grDevices’ ‘gtable’
All declared Imports should be used.
Flavors: r-devel-linux-x86_64-fedora-clang, r-devel-linux-x86_64-fedora-gcc, r-release-macos-arm64, r-release-macos-x86_64, r-oldrel-macos-arm64, r-oldrel-macos-x86_64