CRAN Package Check Results for Package gggibbous

Last updated on 2024-06-14 03:57:20 CEST.

Flavor Version Tinstall Tcheck Ttotal Status Flags
r-devel-linux-x86_64-debian-clang 0.1.1 5.94 75.53 81.47 OK
r-devel-linux-x86_64-debian-gcc 0.1.1 0.44 1.66 2.10 ERROR
r-devel-linux-x86_64-fedora-clang 0.1.1 104.47 OK
r-devel-linux-x86_64-fedora-gcc 0.1.1 107.05 OK
r-devel-windows-x86_64 0.1.1 6.00 73.00 79.00 OK
r-patched-linux-x86_64 0.1.1 6.23 73.68 79.91 OK
r-release-linux-x86_64 0.1.1 5.82 70.70 76.52 OK
r-release-macos-arm64 0.1.1 38.00 OK
r-release-macos-x86_64 0.1.1 56.00 OK
r-release-windows-x86_64 0.1.1 6.00 73.00 79.00 OK
r-oldrel-macos-arm64 0.1.1 41.00 OK
r-oldrel-macos-x86_64 0.1.1 59.00 OK
r-oldrel-windows-x86_64 0.1.1 8.00 83.00 91.00 OK

Check Details

Version: 0.1.1
Check: package dependencies
Result: ERROR Package required but not available: ‘ggplot2’ Packages suggested but not available for checking: 'testthat', 'vdiffr' See section ‘The DESCRIPTION file’ in the ‘Writing R Extensions’ manual. Flavor: r-devel-linux-x86_64-debian-gcc