CRAN Package Check Results for Package ggdmc

Last updated on 2020-09-22 16:02:29 CEST.

Flavor Version Tinstall Tcheck Ttotal Status Flags
r-devel-linux-x86_64-debian-clang 0.2.6.0 140.70 62.57 203.27 OK
r-devel-linux-x86_64-debian-gcc 0.2.6.0 109.46 49.50 158.96 OK
r-devel-linux-x86_64-fedora-clang 0.2.6.0 293.29 NOTE
r-devel-linux-x86_64-fedora-gcc 0.2.6.0 270.72 OK
r-devel-windows-ix86+x86_64 0.2.6.0 314.00 102.00 416.00 OK
r-patched-linux-x86_64 0.2.6.0 108.96 60.76 169.72 OK
r-patched-solaris-x86 0.2.6.0 226.60 OK
r-release-linux-x86_64 0.2.6.0 109.37 60.72 170.09 OK
r-release-macos-x86_64 0.2.6.0 NOTE
r-release-windows-ix86+x86_64 0.2.6.0 304.00 123.00 427.00 OK
r-oldrel-macos-x86_64 0.2.6.0 NOTE
r-oldrel-windows-ix86+x86_64 0.2.6.0 211.00 116.00 327.00 OK

Check Details

Version: 0.2.6.0
Check: installed package size
Result: NOTE
     installed size is 6.9Mb
     sub-directories of 1Mb or more:
     libs 6.5Mb
Flavors: r-devel-linux-x86_64-fedora-clang, r-release-macos-x86_64, r-oldrel-macos-x86_64