CRAN Package Check Results for Package ggbump

Last updated on 2024-07-22 15:57:22 CEST.

Flavor Version Tinstall Tcheck Ttotal Status Flags
r-devel-linux-x86_64-debian-clang 0.1.0 5.04 45.64 50.68 NOTE
r-devel-linux-x86_64-debian-gcc 0.1.0 4.50 34.24 38.74 NOTE
r-devel-linux-x86_64-fedora-clang 0.1.0 64.17 NOTE
r-devel-linux-x86_64-fedora-gcc 0.1.0 62.01 NOTE
r-devel-windows-x86_64 0.1.0 7.00 53.00 60.00 NOTE
r-patched-linux-x86_64 0.1.0 5.68 43.21 48.89 NOTE
r-release-linux-x86_64 0.1.0 3.60 44.19 47.79 NOTE
r-release-macos-arm64 0.1.0 23.00 NOTE
r-release-macos-x86_64 0.1.0 32.00 NOTE
r-release-windows-x86_64 0.1.0 6.00 54.00 60.00 NOTE
r-oldrel-macos-arm64 0.1.0 22.00 NOTE
r-oldrel-macos-x86_64 0.1.0 32.00 NOTE
r-oldrel-windows-x86_64 0.1.0 7.00 58.00 65.00 NOTE

Check Details

Version: 0.1.0
Check: LazyData
Result: NOTE 'LazyData' is specified without a 'data' directory Flavors: r-devel-linux-x86_64-debian-clang, r-devel-linux-x86_64-debian-gcc, r-devel-linux-x86_64-fedora-clang, r-devel-linux-x86_64-fedora-gcc, r-devel-windows-x86_64, r-patched-linux-x86_64, r-release-linux-x86_64, r-release-macos-arm64, r-release-macos-x86_64, r-release-windows-x86_64, r-oldrel-macos-arm64, r-oldrel-macos-x86_64, r-oldrel-windows-x86_64