Last updated on 2022-07-05 15:52:46 CEST.
Flavor | Version | Tinstall | Tcheck | Ttotal | Status | Flags |
---|---|---|---|---|---|---|
r-devel-linux-x86_64-debian-clang | 1.1 | 17.72 | 129.19 | 146.91 | OK | |
r-devel-linux-x86_64-debian-gcc | 1.1 | 12.89 | 94.64 | 107.53 | OK | |
r-devel-linux-x86_64-fedora-clang | 1.1 | 180.11 | NOTE | |||
r-devel-linux-x86_64-fedora-gcc | 1.1 | 178.82 | NOTE | |||
r-devel-windows-x86_64 | 1.1 | 19.00 | 146.00 | 165.00 | OK | |
r-patched-linux-x86_64 | 1.1 | 13.94 | 122.13 | 136.07 | OK | |
r-release-linux-x86_64 | 1.1 | 13.48 | 125.51 | 138.99 | OK | |
r-release-macos-arm64 | 1.1 | 58.00 | NOTE | |||
r-release-macos-x86_64 | 1.1 | 84.00 | NOTE | |||
r-release-windows-x86_64 | 1.1 | 21.00 | 144.00 | 165.00 | OK | |
r-oldrel-macos-arm64 | 1.1 | 58.00 | NOTE | |||
r-oldrel-macos-x86_64 | 1.1 | 82.00 | NOTE | |||
r-oldrel-windows-ix86+x86_64 | 1.1 | 37.00 | 141.00 | 178.00 | OK |
Version: 1.1
Check: dependencies in R code
Result: NOTE
Namespaces in Imports field not imported from:
‘do’ ‘survival’
All declared Imports should be used.
Flavors: r-devel-linux-x86_64-fedora-clang, r-devel-linux-x86_64-fedora-gcc, r-release-macos-arm64, r-release-macos-x86_64, r-oldrel-macos-arm64, r-oldrel-macos-x86_64