Last updated on 2022-06-28 03:51:32 CEST.
Flavor | Version | Tinstall | Tcheck | Ttotal | Status | Flags |
---|---|---|---|---|---|---|
r-devel-linux-x86_64-debian-clang | 2.0.4 | 140.66 | 255.66 | 396.32 | OK | |
r-devel-linux-x86_64-debian-gcc | 2.0.4 | 92.20 | 179.58 | 271.78 | OK | |
r-devel-linux-x86_64-fedora-clang | 2.0.4 | 529.40 | NOTE | |||
r-devel-linux-x86_64-fedora-gcc | 2.0.4 | 441.41 | OK | |||
r-devel-windows-x86_64 | 2.0.4 | 73.00 | 283.00 | 356.00 | OK | |
r-patched-linux-x86_64 | 2.0.4 | 88.25 | 232.26 | 320.51 | OK | |
r-release-linux-x86_64 | 2.0.4 | 74.71 | 230.12 | 304.83 | OK | |
r-release-macos-arm64 | 2.0.4 | 141.00 | NOTE | |||
r-release-macos-x86_64 | 2.0.4 | 229.00 | NOTE | |||
r-release-windows-x86_64 | 2.0.4 | 70.00 | 329.00 | 399.00 | OK | |
r-oldrel-macos-arm64 | 2.0.4 | 214.00 | NOTE | |||
r-oldrel-macos-x86_64 | 2.0.4 | 178.00 | NOTE | |||
r-oldrel-windows-ix86+x86_64 | 2.0.4 | 211.00 | 297.00 | 508.00 | OK |
Version: 2.0.4
Check: installed package size
Result: NOTE
installed size is 31.2Mb
sub-directories of 1Mb or more:
libs 30.5Mb
Flavors: r-devel-linux-x86_64-fedora-clang, r-release-macos-arm64, r-release-macos-x86_64, r-oldrel-macos-arm64, r-oldrel-macos-x86_64