CRAN Package Check Results for Package getopt

Last updated on 2022-11-26 16:02:55 CET.

Flavor Version Tinstall Tcheck Ttotal Status Flags
r-devel-linux-x86_64-debian-clang 1.20.3 2.06 25.60 27.66 NOTE
r-devel-linux-x86_64-debian-gcc 1.20.3 1.89 19.67 21.56 NOTE
r-devel-linux-x86_64-fedora-clang 1.20.3 45.70 NOTE
r-devel-linux-x86_64-fedora-gcc 1.20.3 43.47 NOTE
r-devel-windows-x86_64 1.20.3 9.00 52.00 61.00 NOTE
r-patched-linux-x86_64 1.20.3 OK
r-release-linux-x86_64 1.20.3 1.87 24.66 26.53 OK
r-release-macos-arm64 1.20.3 17.00 OK
r-release-macos-x86_64 1.20.3 21.00 OK
r-release-windows-x86_64 1.20.3 11.00 52.00 63.00 OK
r-oldrel-macos-arm64 1.20.3 18.00 OK
r-oldrel-macos-x86_64 1.20.3 24.00 OK
r-oldrel-windows-ix86+x86_64 1.20.3 6.00 47.00 53.00 OK

Check Details

Version: 1.20.3
Check: Rd files
Result: NOTE
    checkRd: (-1) getopt.Rd:60: Escaped LaTeX specials: \#
Flavors: r-devel-linux-x86_64-debian-clang, r-devel-linux-x86_64-debian-gcc, r-devel-linux-x86_64-fedora-clang, r-devel-linux-x86_64-fedora-gcc, r-devel-windows-x86_64