CRAN Package Check Results for Package getLattes

Last updated on 2021-01-26 15:49:46 CET.

Flavor Version Tinstall Tcheck Ttotal Status Flags
r-devel-linux-x86_64-debian-clang 0.1.1 8.64 71.17 79.81 OK
r-devel-linux-x86_64-debian-gcc 0.1.1 6.43 52.54 58.97 OK
r-devel-linux-x86_64-fedora-clang 0.1.1 105.37 NOTE
r-devel-linux-x86_64-fedora-gcc 0.1.1 94.39 NOTE
r-devel-windows-ix86+x86_64 0.1.1 18.00 83.00 101.00 OK
r-patched-linux-x86_64 0.1.1 6.83 65.52 72.35 OK
r-patched-solaris-x86 0.1.1 129.00 NOTE
r-release-linux-x86_64 0.1.1 7.75 67.19 74.94 OK
r-release-macos-x86_64 0.1.1 NOTE
r-release-windows-ix86+x86_64 0.1.1 19.00 76.00 95.00 OK
r-oldrel-macos-x86_64 0.1.1 NOTE
r-oldrel-windows-ix86+x86_64 0.1.1 13.00 95.00 108.00 OK

Check Details

Version: 0.1.1
Check: dependencies in R code
Result: NOTE
    Namespaces in Imports field not imported from:
     ‘rlang’ ‘rlist’
     All declared Imports should be used.
Flavors: r-devel-linux-x86_64-fedora-clang, r-devel-linux-x86_64-fedora-gcc, r-patched-solaris-x86, r-release-macos-x86_64, r-oldrel-macos-x86_64

Version: 0.1.1
Check: data for non-ASCII characters
Result: NOTE
     Note: found 54 marked Latin-1 strings
     Note: found 14285 marked UTF-8 strings
Flavors: r-devel-linux-x86_64-fedora-clang, r-devel-linux-x86_64-fedora-gcc, r-patched-solaris-x86, r-release-macos-x86_64, r-oldrel-macos-x86_64