CRAN Package Check Results for Package geouy

Last updated on 2022-08-16 15:50:16 CEST.

Flavor Version Tinstall Tcheck Ttotal Status Flags
r-devel-linux-x86_64-debian-clang 0.2.5 31.60 307.55 339.15 OK
r-devel-linux-x86_64-debian-gcc 0.2.5 29.27 223.75 253.02 OK
r-devel-linux-x86_64-fedora-clang 0.2.5 406.19 NOTE
r-devel-linux-x86_64-fedora-gcc 0.2.5 403.08 NOTE
r-devel-windows-x86_64 0.2.5 39.00 282.00 321.00 OK
r-patched-linux-x86_64 0.2.5 22.69 286.57 309.26 OK
r-release-linux-x86_64 0.2.5 22.84 287.15 309.99 OK
r-release-macos-arm64 0.2.5 82.00 NOTE
r-release-macos-x86_64 0.2.5 177.00 NOTE
r-release-windows-x86_64 0.2.5 36.00 285.00 321.00 OK
r-oldrel-macos-arm64 0.2.5 54.00 NOTE
r-oldrel-macos-x86_64 0.2.5 67.00 NOTE
r-oldrel-windows-ix86+x86_64 0.2.5 73.00 295.00 368.00 OK

Check Details

Version: 0.2.5
Check: data for non-ASCII characters
Result: NOTE
     Note: found 64 marked Latin-1 strings
     Note: found 25 marked UTF-8 strings
Flavors: r-devel-linux-x86_64-fedora-clang, r-devel-linux-x86_64-fedora-gcc, r-release-macos-arm64, r-release-macos-x86_64, r-oldrel-macos-arm64, r-oldrel-macos-x86_64