CRAN Package Check Results for Package geouy

Last updated on 2020-08-10 15:47:54 CEST.

Flavor Version Tinstall Tcheck Ttotal Status Flags
r-devel-linux-x86_64-debian-clang 0.2.2 5.61 43.56 49.17 OK
r-devel-linux-x86_64-debian-gcc 0.2.2 4.33 33.52 37.85 OK
r-devel-linux-x86_64-fedora-clang 0.2.2 65.25 NOTE
r-devel-linux-x86_64-fedora-gcc 0.2.2 56.01 NOTE
r-devel-windows-ix86+x86_64 0.2.2 23.00 78.00 101.00 OK
r-patched-linux-x86_64 0.2.2 4.73 42.84 47.57 OK
r-patched-solaris-x86 0.2.2 93.60 NOTE
r-release-linux-x86_64 0.2.2 4.91 43.01 47.92 OK
r-release-macos-x86_64 0.2.2 NOTE
r-release-windows-ix86+x86_64 0.2.2 25.00 75.00 100.00 OK
r-oldrel-macos-x86_64 0.2.2 NOTE
r-oldrel-windows-ix86+x86_64 0.2.2 15.00 56.00 71.00 OK

Check Details

Version: 0.2.2
Check: dependencies in R code
Result: NOTE
    Namespaces in Imports field not imported from:
     ‘rlang’ ‘testthat’
     All declared Imports should be used.
Flavors: r-devel-linux-x86_64-fedora-clang, r-devel-linux-x86_64-fedora-gcc, r-patched-solaris-x86, r-release-macos-x86_64, r-oldrel-macos-x86_64

Version: 0.2.2
Check: data for non-ASCII characters
Result: NOTE
     Note: found 59 marked Latin-1 strings
     Note: found 24 marked UTF-8 strings
Flavors: r-devel-linux-x86_64-fedora-clang, r-devel-linux-x86_64-fedora-gcc, r-patched-solaris-x86, r-release-macos-x86_64, r-oldrel-macos-x86_64