CRAN Package Check Results for Package geospark

Last updated on 2020-09-22 16:02:28 CEST.

Flavor Version Tinstall Tcheck Ttotal Status Flags
r-devel-linux-x86_64-debian-clang 0.3.1 6.48 50.93 57.41 OK
r-devel-linux-x86_64-debian-gcc 0.3.1 4.84 40.82 45.66 OK
r-devel-linux-x86_64-fedora-clang 0.3.1 78.22 NOTE
r-devel-linux-x86_64-fedora-gcc 0.3.1 70.05 NOTE
r-devel-windows-ix86+x86_64 0.3.1 16.00 61.00 77.00 OK
r-patched-linux-x86_64 0.3.1 5.52 48.55 54.07 OK
r-patched-solaris-x86 0.3.1 101.90 NOTE
r-release-linux-x86_64 0.3.1 6.63 49.11 55.74 OK
r-release-macos-x86_64 0.3.1 NOTE
r-release-windows-ix86+x86_64 0.3.1 15.00 58.00 73.00 OK
r-oldrel-macos-x86_64 0.3.1 NOTE
r-oldrel-windows-ix86+x86_64 0.3.1 9.00 53.00 62.00 OK

Check Details

Version: 0.3.1
Check: dependencies in R code
Result: NOTE
    Namespace in Imports field not imported from: ‘dbplyr’
     All declared Imports should be used.
Flavors: r-devel-linux-x86_64-fedora-clang, r-devel-linux-x86_64-fedora-gcc, r-patched-solaris-x86, r-release-macos-x86_64, r-oldrel-macos-x86_64