CRAN Package Check Results for Package geonetwork

Last updated on 2020-08-13 15:51:03 CEST.

Flavor Version Tinstall Tcheck Ttotal Status Flags
r-devel-linux-x86_64-debian-clang 0.3 5.11 60.79 65.90 NOTE
r-devel-linux-x86_64-debian-gcc 0.3 3.96 45.57 49.53 OK
r-devel-linux-x86_64-fedora-clang 0.3 88.79 NOTE
r-devel-linux-x86_64-fedora-gcc 0.3 81.06 NOTE
r-devel-windows-ix86+x86_64 0.3 18.00 71.00 89.00 OK
r-patched-linux-x86_64 0.3 4.77 58.22 62.99 OK
r-patched-solaris-x86 0.3 123.50 NOTE
r-release-linux-x86_64 0.3 5.30 59.31 64.61 OK
r-release-macos-x86_64 0.3 NOTE
r-release-windows-ix86+x86_64 0.3 24.00 103.00 127.00 OK
r-oldrel-macos-x86_64 0.3 NOTE
r-oldrel-windows-ix86+x86_64 0.3 11.00 59.00 70.00 OK

Check Details

Version: 0.3
Check: package dependencies
Result: NOTE
    Package suggested but not available for checking: 'ggmap'
Flavor: r-devel-linux-x86_64-debian-clang

Version: 0.3
Check: dependencies in R code
Result: NOTE
    Namespace in Imports field not imported from: ‘methods’
     All declared Imports should be used.
Flavors: r-devel-linux-x86_64-fedora-clang, r-devel-linux-x86_64-fedora-gcc, r-patched-solaris-x86, r-release-macos-x86_64, r-oldrel-macos-x86_64