CRAN Package Check Results for Package geometries

Last updated on 2022-10-07 15:52:57 CEST.

Flavor Version Tinstall Tcheck Ttotal Status Flags
r-devel-linux-x86_64-debian-clang 0.2.0 108.15 32.78 140.93 NOTE
r-devel-linux-x86_64-debian-gcc 0.2.0 89.63 25.90 115.53 NOTE
r-devel-linux-x86_64-fedora-clang 0.2.0 220.22 NOTE
r-devel-linux-x86_64-fedora-gcc 0.2.0 208.53 NOTE
r-devel-windows-x86_64 0.2.0 112.00 84.00 196.00 NOTE
r-patched-linux-x86_64 0.2.0 86.81 32.45 119.26 NOTE
r-release-linux-x86_64 0.2.0 93.94 31.90 125.84 NOTE
r-release-macos-arm64 0.2.0 46.00 NOTE
r-release-macos-x86_64 0.2.0 71.00 NOTE
r-release-windows-x86_64 0.2.0 109.00 89.00 198.00 NOTE
r-oldrel-macos-arm64 0.2.0 55.00 NOTE
r-oldrel-macos-x86_64 0.2.0 98.00 NOTE
r-oldrel-windows-ix86+x86_64 0.2.0 249.00 89.00 338.00 NOTE

Check Details

Version: 0.2.0
Check: LazyData
Result: NOTE
     'LazyData' is specified without a 'data' directory
Flavors: r-devel-linux-x86_64-debian-clang, r-devel-linux-x86_64-debian-gcc, r-devel-linux-x86_64-fedora-clang, r-devel-linux-x86_64-fedora-gcc, r-devel-windows-x86_64, r-patched-linux-x86_64, r-release-linux-x86_64, r-release-macos-arm64, r-release-macos-x86_64, r-release-windows-x86_64, r-oldrel-macos-arm64, r-oldrel-macos-x86_64, r-oldrel-windows-ix86+x86_64

Version: 0.2.0
Check: installed package size
Result: NOTE
     installed size is 5.9Mb
     sub-directories of 1Mb or more:
     libs 5.4Mb
Flavor: r-oldrel-macos-arm64