CRAN Package Check Results for Package geometr

Last updated on 2020-10-31 03:52:43 CET.

Flavor Version Tinstall Tcheck Ttotal Status Flags
r-devel-linux-x86_64-debian-clang 0.2.5 60.29 239.96 300.25 OK
r-devel-linux-x86_64-debian-gcc 0.2.5 46.14 177.32 223.46 OK
r-devel-linux-x86_64-fedora-clang 0.2.5 372.11 NOTE
r-devel-linux-x86_64-fedora-gcc 0.2.5 350.50 NOTE
r-devel-windows-ix86+x86_64 0.2.5 127.00 273.00 400.00 OK
r-patched-linux-x86_64 0.2.5 52.62 217.19 269.81 OK
r-patched-solaris-x86 0.2.5 428.10 NOTE
r-release-linux-x86_64 0.2.5 55.31 217.14 272.45 OK
r-release-macos-x86_64 0.2.5 NOTE
r-release-windows-ix86+x86_64 0.2.5 100.00 378.00 478.00 OK
r-oldrel-macos-x86_64 0.2.5 NOTE
r-oldrel-windows-ix86+x86_64 0.2.5 115.00 273.00 388.00 OK

Check Details

Version: 0.2.5
Check: dependencies in R code
Result: NOTE
    Namespaces in Imports field not imported from:
     ‘Rcpp’ ‘readr’
     All declared Imports should be used.
Flavors: r-devel-linux-x86_64-fedora-clang, r-devel-linux-x86_64-fedora-gcc, r-patched-solaris-x86, r-release-macos-x86_64, r-oldrel-macos-x86_64