CRAN Package Check Results for Package geomaroc

Last updated on 2022-08-16 04:53:38 CEST.

Flavor Version Tinstall Tcheck Ttotal Status Flags
r-devel-linux-x86_64-debian-clang 0.1.1 2.39 28.76 31.15 NOTE
r-devel-linux-x86_64-debian-gcc 0.1.1 1.78 21.58 23.36 NOTE
r-devel-linux-x86_64-fedora-clang 0.1.1 49.56 NOTE
r-devel-linux-x86_64-fedora-gcc 0.1.1 46.92 NOTE
r-devel-windows-x86_64 0.1.1 13.00 55.00 68.00 NOTE
r-patched-linux-x86_64 0.1.1 2.45 27.11 29.56 NOTE
r-release-linux-x86_64 0.1.1 1.88 26.90 28.78 NOTE
r-release-macos-arm64 0.1.1 18.00 NOTE
r-release-macos-x86_64 0.1.1 25.00 NOTE
r-release-windows-x86_64 0.1.1 13.00 56.00 69.00 NOTE
r-oldrel-macos-arm64 0.1.1 16.00 NOTE
r-oldrel-macos-x86_64 0.1.1 23.00 NOTE
r-oldrel-windows-ix86+x86_64 0.1.1 6.00 52.00 58.00 NOTE

Check Details

Version: 0.1.1
Check: package dependencies
Result: NOTE
    Package suggested but not available for checking: 'geomarocdata'
Flavors: r-devel-linux-x86_64-debian-clang, r-devel-linux-x86_64-debian-gcc, r-devel-linux-x86_64-fedora-clang, r-devel-linux-x86_64-fedora-gcc, r-devel-windows-x86_64, r-patched-linux-x86_64, r-release-linux-x86_64, r-release-macos-arm64, r-release-macos-x86_64, r-release-windows-x86_64, r-oldrel-macos-arm64, r-oldrel-macos-x86_64, r-oldrel-windows-ix86+x86_64