CRAN Package Check Results for Package geofacet

Last updated on 2020-08-10 15:47:54 CEST.

Flavor Version Tinstall Tcheck Ttotal Status Flags
r-devel-linux-x86_64-debian-clang 0.2.0 8.34 249.26 257.60 OK
r-devel-linux-x86_64-debian-gcc 0.2.0 6.58 179.54 186.12 OK
r-devel-linux-x86_64-fedora-clang 0.2.0 295.42 NOTE
r-devel-linux-x86_64-fedora-gcc 0.2.0 291.98 NOTE
r-devel-windows-ix86+x86_64 0.2.0 23.00 319.00 342.00 OK
r-patched-linux-x86_64 0.2.0 7.99 230.94 238.93 OK
r-patched-solaris-x86 0.2.0 378.50 NOTE
r-release-linux-x86_64 0.2.0 8.63 235.44 244.07 OK
r-release-macos-x86_64 0.2.0 NOTE
r-release-windows-ix86+x86_64 0.2.0 31.00 317.00 348.00 OK
r-oldrel-macos-x86_64 0.2.0 NOTE
r-oldrel-windows-ix86+x86_64 0.2.0 18.00 296.00 314.00 OK

Check Details

Version: 0.2.0
Check: dependencies in R code
Result: NOTE
    Namespace in Imports field not imported from: ‘sf’
     All declared Imports should be used.
Flavors: r-devel-linux-x86_64-fedora-clang, r-devel-linux-x86_64-fedora-gcc, r-patched-solaris-x86, r-release-macos-x86_64, r-oldrel-macos-x86_64

Version: 0.2.0
Check: data for non-ASCII characters
Result: NOTE
     Note: found 646 marked UTF-8 strings
Flavors: r-devel-linux-x86_64-fedora-clang, r-devel-linux-x86_64-fedora-gcc, r-patched-solaris-x86, r-release-macos-x86_64, r-oldrel-macos-x86_64