CRAN Package Check Results for Package geofacet

Last updated on 2024-06-22 03:49:32 CEST.

Flavor Version Tinstall Tcheck Ttotal Status Flags
r-devel-linux-x86_64-debian-clang 0.2.1 30.99 521.89 552.88 OK
r-devel-linux-x86_64-debian-gcc 0.2.1 23.72 365.13 388.85 OK
r-devel-linux-x86_64-fedora-clang 0.2.1 661.25 NOTE
r-devel-linux-x86_64-fedora-gcc 0.2.1 639.01 NOTE
r-devel-windows-x86_64 0.2.1 26.00 293.00 319.00 OK
r-patched-linux-x86_64 0.2.1 32.55 495.19 527.74 OK
r-release-linux-x86_64 0.2.1 24.61 495.94 520.55 OK
r-release-macos-arm64 0.2.1 152.00 OK
r-release-macos-x86_64 0.2.1 247.00 OK
r-release-windows-x86_64 0.2.1 27.00 292.00 319.00 OK
r-oldrel-macos-arm64 0.2.1 96.00 OK
r-oldrel-macos-x86_64 0.2.1 231.00 OK
r-oldrel-windows-x86_64 0.2.1 34.00 413.00 447.00 OK

Check Details

Version: 0.2.1
Check: data for non-ASCII characters
Result: NOTE Note: found 646 marked UTF-8 strings Flavors: r-devel-linux-x86_64-fedora-clang, r-devel-linux-x86_64-fedora-gcc