CRAN Package Check Results for Package geodist

Last updated on 2024-02-23 15:52:13 CET.

Flavor Version Tinstall Tcheck Ttotal Status Flags
r-devel-linux-x86_64-debian-clang 0.0.8 NOTE
r-devel-linux-x86_64-debian-gcc 0.0.8 6.49 26.31 32.80 NOTE
r-devel-linux-x86_64-fedora-clang 0.0.8 51.24 OK
r-devel-linux-x86_64-fedora-gcc 0.0.8 63.36 OK
r-devel-windows-x86_64 0.0.8 13.00 49.00 62.00 OK
r-patched-linux-x86_64 0.0.8 8.58 33.23 41.81 OK
r-release-linux-x86_64 0.0.8 7.12 33.15 40.27 OK
r-release-macos-arm64 0.0.8 28.00 OK
r-release-macos-x86_64 0.0.8 43.00 OK
r-release-windows-x86_64 0.0.8 18.00 52.00 70.00 OK
r-oldrel-macos-arm64 0.0.8 26.00 OK
r-oldrel-windows-x86_64 0.0.8 15.00 56.00 71.00 OK

Check Details

Version: 0.0.8
Check: Rd files
Result: NOTE checkRd: (-1) geodist.Rd:59: Lost braces 59 | code{sf::st_dist()} function. | ^ checkRd: (-1) geodist_vec.Rd:65: Lost braces 65 | code{sf::st_dist()} function. | ^ checkRd: (-1) georange.Rd:36: Lost braces 36 | code{sf::st_dist()} function. | ^ Flavors: r-devel-linux-x86_64-debian-clang, r-devel-linux-x86_64-debian-gcc