Last updated on 2023-03-22 15:49:12 CET.
Flavor | Version | Tinstall | Tcheck | Ttotal | Status | Flags |
---|---|---|---|---|---|---|
r-devel-linux-x86_64-debian-clang | 0.0.8 | 6.87 | 32.80 | 39.67 | OK | |
r-devel-linux-x86_64-debian-gcc | 0.0.8 | 6.36 | 25.89 | 32.25 | OK | |
r-devel-linux-x86_64-fedora-clang | 0.0.8 | 51.33 | OK | |||
r-devel-linux-x86_64-fedora-gcc | 0.0.8 | 61.31 | OK | |||
r-devel-windows-x86_64 | 0.0.8 | 36.00 | 56.00 | 92.00 | NOTE | |
r-patched-linux-x86_64 | 0.0.8 | 7.20 | 33.69 | 40.89 | OK | |
r-release-linux-x86_64 | 0.0.8 | 7.65 | 33.27 | 40.92 | OK | |
r-release-macos-arm64 | 0.0.8 | 39.00 | OK | |||
r-release-macos-x86_64 | 0.0.8 | 33.00 | OK | |||
r-release-windows-x86_64 | 0.0.8 | 30.00 | 69.00 | 99.00 | OK | |
r-oldrel-macos-arm64 | 0.0.8 | 35.00 | OK | |||
r-oldrel-macos-x86_64 | 0.0.8 | 36.00 | OK | |||
r-oldrel-windows-ix86+x86_64 | 0.0.8 | 29.00 | 68.00 | 97.00 | OK |
Version: 0.0.8
Check: HTML version of manual
Result: NOTE
Encountered the following conversion/validation errors:
'CreateProcess' failed to run 'd:\rtools43\x86_64-w64-mingw32.static.posix\bin\tidy.exe -language en -qe --drop-empty-elements no D:\temp\RtmpwJS7nH\file7b9877f62e94'
Flavor: r-devel-windows-x86_64