Last updated on 2023-02-06 03:54:33 CET.
Flavor | Version | Tinstall | Tcheck | Ttotal | Status | Flags |
---|---|---|---|---|---|---|
r-devel-linux-x86_64-debian-clang | 1.7.0 | 6.32 | 84.59 | 90.91 | OK | |
r-devel-linux-x86_64-debian-gcc | 1.7.0 | 4.54 | 62.80 | 67.34 | OK | |
r-devel-linux-x86_64-fedora-clang | 1.7.0 | 109.84 | NOTE | |||
r-devel-linux-x86_64-fedora-gcc | 1.7.0 | 116.76 | NOTE | |||
r-devel-windows-x86_64 | 1.7.0 | 29.00 | 157.00 | 186.00 | OK | |
r-patched-linux-x86_64 | 1.7.0 | 6.48 | 81.37 | 87.85 | OK | |
r-release-linux-x86_64 | 1.7.0 | 5.14 | 81.29 | 86.43 | OK | |
r-release-macos-arm64 | 1.7.0 | 82.00 | NOTE | |||
r-release-macos-x86_64 | 1.7.0 | 82.00 | NOTE | |||
r-release-windows-x86_64 | 1.7.0 | 39.00 | 154.00 | 193.00 | OK | |
r-oldrel-macos-arm64 | 1.7.0 | 86.00 | NOTE | |||
r-oldrel-macos-x86_64 | 1.7.0 | 82.00 | NOTE | |||
r-oldrel-windows-ix86+x86_64 | 1.7.0 | 17.00 | 132.00 | 149.00 | OK |
Version: 1.7.0
Check: data for non-ASCII characters
Result: NOTE
Note: found 58 marked UTF-8 strings
Flavors: r-devel-linux-x86_64-fedora-clang, r-devel-linux-x86_64-fedora-gcc, r-release-macos-arm64, r-release-macos-x86_64, r-oldrel-macos-arm64, r-oldrel-macos-x86_64