Last updated on 2022-07-01 15:51:19 CEST.
Flavor | Version | Tinstall | Tcheck | Ttotal | Status | Flags |
---|---|---|---|---|---|---|
r-devel-linux-x86_64-debian-clang | 0.1-2 | 14.33 | 87.89 | 102.22 | NOTE | |
r-devel-linux-x86_64-debian-gcc | 0.1-2 | 10.42 | 67.40 | 77.82 | NOTE | |
r-devel-linux-x86_64-fedora-clang | 0.1-2 | 127.94 | NOTE | |||
r-devel-linux-x86_64-fedora-gcc | 0.1-2 | 129.54 | NOTE | |||
r-devel-windows-x86_64 | 0.1-2 | 21.00 | 104.00 | 125.00 | NOTE | |
r-patched-linux-x86_64 | 0.1-2 | 15.27 | 85.05 | 100.32 | OK | |
r-release-linux-x86_64 | 0.1-2 | 9.89 | 82.99 | 92.88 | OK | |
r-release-macos-arm64 | 0.1-2 | 39.00 | OK | |||
r-release-macos-x86_64 | 0.1-2 | 52.00 | OK | |||
r-release-windows-x86_64 | 0.1-2 | 18.00 | 114.00 | 132.00 | OK | |
r-oldrel-macos-arm64 | 0.1-2 | 44.00 | OK | |||
r-oldrel-macos-x86_64 | 0.1-2 | 76.00 | OK | |||
r-oldrel-windows-ix86+x86_64 | 0.1-2 | 24.00 | 103.00 | 127.00 | OK |
Version: 0.1-2
Check: Rd files
Result: NOTE
checkRd: (-1) predict.geoGAM.Rd:86: Escaped LaTeX specials: \&
Flavors: r-devel-linux-x86_64-debian-clang, r-devel-linux-x86_64-debian-gcc, r-devel-linux-x86_64-fedora-clang, r-devel-linux-x86_64-fedora-gcc, r-devel-windows-x86_64