CRAN Package Check Results for Package genridge

Last updated on 2020-09-22 03:49:23 CEST.

Flavor Version Tinstall Tcheck Ttotal Status Flags
r-devel-linux-x86_64-debian-clang 0.6.7 5.31 48.58 53.89 OK
r-devel-linux-x86_64-debian-gcc 0.6.7 0.30 1.90 2.20 ERROR
r-devel-linux-x86_64-fedora-clang 0.6.7 74.76 OK
r-devel-linux-x86_64-fedora-gcc 0.6.7 63.85 OK
r-devel-windows-ix86+x86_64 0.6.7 13.00 59.00 72.00 OK
r-patched-linux-x86_64 0.6.7 5.94 46.28 52.22 OK
r-patched-solaris-x86 0.6.7 97.50 OK
r-release-linux-x86_64 0.6.7 5.58 46.83 52.41 OK
r-release-macos-x86_64 0.6.7 OK
r-release-windows-ix86+x86_64 0.6.7 15.00 59.00 74.00 OK
r-oldrel-macos-x86_64 0.6.7 NOTE
r-oldrel-windows-ix86+x86_64 0.6.7 9.00 68.00 77.00 OK

Check Details

Version: 0.6.7
Check: whether package can be installed
Result: ERROR
    Installation failed.
Flavor: r-devel-linux-x86_64-debian-gcc

Version: 0.6.7
Check: dependencies in R code
Result: NOTE
    No protocol specified
Flavor: r-oldrel-macos-x86_64