CRAN Package Check Results for Package genio

Last updated on 2020-09-22 03:49:23 CEST.

Flavor Version Tinstall Tcheck Ttotal Status Flags
r-devel-linux-x86_64-debian-clang 1.0.12 24.53 49.75 74.28 OK
r-devel-linux-x86_64-debian-gcc 1.0.12 0.38 2.45 2.83 ERROR
r-devel-linux-x86_64-fedora-clang 1.0.12 107.84 OK
r-devel-linux-x86_64-fedora-gcc 1.0.12 92.22 OK
r-devel-windows-ix86+x86_64 1.0.12 61.00 92.00 153.00 OK
r-patched-linux-x86_64 1.0.12 17.94 48.10 66.04 OK
r-patched-solaris-x86 1.0.12 115.70 OK
r-release-linux-x86_64 1.0.12 19.66 49.33 68.99 OK
r-release-macos-x86_64 1.0.12 NOTE
r-release-windows-ix86+x86_64 1.0.12 62.00 112.00 174.00 OK
r-oldrel-macos-x86_64 1.0.12 OK
r-oldrel-windows-ix86+x86_64 1.0.12 44.00 95.00 139.00 OK

Check Details

Version: 1.0.12
Check: whether package can be installed
Result: ERROR
    Installation failed.
Flavor: r-devel-linux-x86_64-debian-gcc

Version: 1.0.12
Check: package dependencies
Result: NOTE
    Package suggested but not available for checking: ‘lfa’
Flavor: r-release-macos-x86_64