CRAN Package Check Results for Package genieBPC

Last updated on 2024-02-23 15:52:13 CET.

Flavor Version Tinstall Tcheck Ttotal Status Flags
r-devel-linux-x86_64-debian-clang 1.1.0 NOTE
r-devel-linux-x86_64-debian-gcc 1.1.0 5.94 60.44 66.38 NOTE
r-devel-linux-x86_64-fedora-clang 1.1.0 111.65 OK
r-devel-linux-x86_64-fedora-gcc 1.1.0 116.74 OK
r-devel-windows-x86_64 1.1.0 8.00 82.00 90.00 OK
r-patched-linux-x86_64 1.1.0 5.30 75.88 81.18 OK
r-release-linux-x86_64 1.1.0 4.78 73.41 78.19 OK
r-release-macos-arm64 1.1.0 43.00 OK
r-release-macos-x86_64 1.1.0 63.00 OK
r-release-windows-x86_64 1.1.0 10.00 93.00 103.00 OK
r-oldrel-macos-arm64 1.1.0 33.00 OK
r-oldrel-windows-x86_64 1.1.0 11.00 97.00 108.00 OK

Check Details

Version: 1.1.0
Check: Rd files
Result: NOTE checkRd: (-1) set_synapse_credentials.Rd:27: Lost braces; missing escapes or markup? 27 | (see {https://genie-bpc.github.io/genieBPC/}{README 'Data Access and Authentication'} for details). | ^ checkRd: (-1) set_synapse_credentials.Rd:27: Lost braces 27 | (see {https://genie-bpc.github.io/genieBPC/}{README 'Data Access and Authentication'} for details). | ^ Flavors: r-devel-linux-x86_64-debian-clang, r-devel-linux-x86_64-debian-gcc