CRAN Package Check Results for Package genetics

Last updated on 2022-01-23 02:56:12 CET.

Flavor Version Tinstall Tcheck Ttotal Status Flags
r-devel-linux-x86_64-debian-clang 1.3.8.1.3 5.74 76.44 82.18 OK
r-devel-linux-x86_64-debian-gcc 1.3.8.1.3 4.18 56.37 60.55 OK
r-devel-linux-x86_64-fedora-clang 1.3.8.1.3 99.33 NOTE
r-devel-linux-x86_64-fedora-gcc 1.3.8.1.3 88.03 OK
r-devel-windows-x86_64-new-UL 1.3.8.1.3 59.00 90.00 149.00 OK
r-devel-windows-x86_64-new-TK 1.3.8.1.3 OK
r-patched-linux-x86_64 1.3.8.1.3 6.53 71.61 78.14 OK
r-release-linux-x86_64 1.3.8.1.3 6.07 72.59 78.66 OK
r-release-macos-arm64 1.3.8.1.3 OK
r-release-macos-x86_64 1.3.8.1.3 OK
r-release-windows-ix86+x86_64 1.3.8.1.3 10.00 81.00 91.00 OK
r-oldrel-macos-x86_64 1.3.8.1.3 OK
r-oldrel-windows-ix86+x86_64 1.3.8.1.3 10.00 84.00 94.00 OK

Check Details

Version: 1.3.8.1.3
Check: Rd cross-references
Result: NOTE
    Undeclared package ‘bootstrap’ in Rd xrefs
Flavor: r-devel-linux-x86_64-fedora-clang