Last updated on 2022-08-16 15:50:15 CEST.
Flavor | Version | Tinstall | Tcheck | Ttotal | Status | Flags |
---|---|---|---|---|---|---|
r-devel-linux-x86_64-debian-clang | 1.2.5 | 11.87 | 311.65 | 323.52 | OK | |
r-devel-linux-x86_64-debian-gcc | 1.2.5 | 7.93 | 261.19 | 269.12 | OK | |
r-devel-linux-x86_64-fedora-clang | 1.2.5 | 376.63 | NOTE | |||
r-devel-linux-x86_64-fedora-gcc | 1.2.5 | 398.85 | OK | |||
r-devel-windows-x86_64 | 1.2.5 | 54.00 | 468.00 | 522.00 | OK | |
r-patched-linux-x86_64 | 1.2.5 | 10.66 | 310.80 | 321.46 | OK | |
r-release-linux-x86_64 | 1.2.5 | 7.88 | 308.42 | 316.30 | OK | |
r-release-macos-arm64 | 1.2.5 | 136.00 | OK | |||
r-release-macos-x86_64 | 1.2.5 | 155.00 | OK | |||
r-release-windows-x86_64 | 1.2.5 | 62.00 | 444.00 | 506.00 | OK | |
r-oldrel-macos-arm64 | 1.2.5 | 124.00 | OK | |||
r-oldrel-macos-x86_64 | 1.2.5 | 144.00 | OK | |||
r-oldrel-windows-ix86+x86_64 | 1.2.5 | 27.00 | 394.00 | 421.00 | OK |
Version: 1.2.5
Check: package dependencies
Result: NOTE
Imports includes 22 non-default packages.
Importing from so many packages makes the package vulnerable to any of
them becoming unavailable. Move as many as possible to Suggests and
use conditionally.
Flavor: r-devel-linux-x86_64-fedora-clang