CRAN Package Check Results for Package gen3sis

Last updated on 2020-09-20 03:47:26 CEST.

Flavor Version Tinstall Tcheck Ttotal Status Flags
r-devel-linux-x86_64-debian-clang 1.1 42.98 171.77 214.75 OK
r-devel-linux-x86_64-debian-gcc 1.1 32.51 131.83 164.34 OK
r-devel-linux-x86_64-fedora-clang 1.1 282.14 NOTE
r-devel-linux-x86_64-fedora-gcc 1.1 286.04 NOTE
r-devel-windows-ix86+x86_64 1.1 111.00 244.00 355.00 NOTE
r-patched-linux-x86_64 1.1 37.48 171.99 209.47 OK
r-patched-solaris-x86 1.1 315.30 NOTE
r-release-linux-x86_64 1.1 37.20 173.83 211.03 OK
r-release-macos-x86_64 1.1 NOTE
r-release-windows-ix86+x86_64 1.1 105.00 297.00 402.00 NOTE
r-oldrel-macos-x86_64 1.1 NOTE
r-oldrel-windows-ix86+x86_64 1.1 72.00 266.00 338.00 NOTE

Check Details

Version: 1.1
Check: installed package size
Result: NOTE
     installed size is 12.0Mb
     sub-directories of 1Mb or more:
     doc 1.1Mb
     extdata 8.9Mb
     libs 1.6Mb
Flavors: r-devel-linux-x86_64-fedora-clang, r-devel-windows-ix86+x86_64, r-patched-solaris-x86, r-release-macos-x86_64, r-release-windows-ix86+x86_64, r-oldrel-macos-x86_64, r-oldrel-windows-ix86+x86_64

Version: 1.1
Check: dependencies in R code
Result: NOTE
    Namespace in Imports field not imported from: ‘sp’
     All declared Imports should be used.
Flavors: r-devel-linux-x86_64-fedora-clang, r-devel-linux-x86_64-fedora-gcc, r-patched-solaris-x86, r-release-macos-x86_64, r-oldrel-macos-x86_64