CRAN Package Check Results for Package gen3sis

Last updated on 2022-09-25 15:56:42 CEST.

Flavor Version Tinstall Tcheck Ttotal Status Flags
r-devel-linux-x86_64-debian-clang 1.4 64.41 367.08 431.49 NOTE
r-devel-linux-x86_64-debian-gcc 1.4 54.08 277.58 331.66 NOTE
r-devel-linux-x86_64-fedora-clang 1.4 526.90 NOTE
r-devel-linux-x86_64-fedora-gcc 1.4 572.25 NOTE
r-devel-windows-x86_64 1.4 671.00 399.00 1070.00 NOTE
r-patched-linux-x86_64 1.4 54.91 358.27 413.18 OK
r-release-linux-x86_64 1.4 63.92 361.05 424.97 OK
r-release-macos-arm64 1.4 120.00 NOTE
r-release-macos-x86_64 1.4 167.00 NOTE
r-release-windows-x86_64 1.4 480.00 397.00 877.00 NOTE
r-oldrel-macos-arm64 1.4 113.00 NOTE
r-oldrel-macos-x86_64 1.4 171.00 NOTE
r-oldrel-windows-ix86+x86_64 1.4 149.00 541.00 690.00 NOTE

Check Details

Version: 1.4
Check: Rd files
Result: NOTE
    checkRd: (-1) plot_summary.Rd:14: Escaped LaTeX specials: \_
Flavors: r-devel-linux-x86_64-debian-clang, r-devel-linux-x86_64-debian-gcc, r-devel-linux-x86_64-fedora-clang, r-devel-linux-x86_64-fedora-gcc, r-devel-windows-x86_64

Version: 1.4
Check: installed package size
Result: NOTE
     installed size is 5.5Mb
     sub-directories of 1Mb or more:
     doc 1.3Mb
     extdata 3.5Mb
Flavors: r-devel-linux-x86_64-fedora-clang, r-devel-windows-x86_64, r-release-macos-arm64, r-release-macos-x86_64, r-release-windows-x86_64, r-oldrel-macos-arm64, r-oldrel-macos-x86_64, r-oldrel-windows-ix86+x86_64

Version: 1.4
Check: dependencies in R code
Result: NOTE
    Namespace in Imports field not imported from: ‘sp’
     All declared Imports should be used.
Flavors: r-devel-linux-x86_64-fedora-clang, r-devel-linux-x86_64-fedora-gcc, r-release-macos-arm64, r-release-macos-x86_64, r-oldrel-macos-arm64, r-oldrel-macos-x86_64