CRAN Package Check Results for Package geiger

Last updated on 2022-01-21 03:55:59 CET.

Flavor Version Tinstall Tcheck Ttotal Status Flags
r-devel-linux-x86_64-debian-clang 2.0.7 OK
r-devel-linux-x86_64-debian-gcc 2.0.7 37.62 138.39 176.01 OK
r-devel-linux-x86_64-fedora-clang 2.0.7 305.52 NOTE
r-devel-linux-x86_64-fedora-gcc 2.0.7 201.71 OK
r-devel-windows-x86_64-new-UL 2.0.7 116.00 220.00 336.00 OK
r-devel-windows-x86_64-new-TK 2.0.7 OK
r-patched-linux-x86_64 2.0.7 41.93 163.72 205.65 OK
r-release-linux-x86_64 2.0.7 44.57 165.56 210.13 OK
r-release-macos-arm64 2.0.7 OK
r-release-macos-x86_64 2.0.7 OK
r-release-windows-ix86+x86_64 2.0.7 98.00 234.00 332.00 OK
r-oldrel-macos-x86_64 2.0.7 OK
r-oldrel-windows-ix86+x86_64 2.0.7 57.00 8.00 65.00 ERROR

Check Details

Version: 2.0.7
Check: Rd cross-references
Result: NOTE
    Undeclared package ‘TreeSim’ in Rd xrefs
Flavor: r-devel-linux-x86_64-fedora-clang

Version: 2.0.7
Check: whether package can be installed
Result: ERROR
    Installation failed.
Flavor: r-oldrel-windows-ix86+x86_64