CRAN Package Check Results for Package gdtools

Last updated on 2023-02-06 15:57:16 CET.

Flavor Version Tinstall Tcheck Ttotal Status Flags
r-devel-linux-x86_64-debian-clang 0.3.0 58.15 45.18 103.33 OK
r-devel-linux-x86_64-debian-gcc 0.3.0 43.63 35.31 78.94 OK
r-devel-linux-x86_64-fedora-clang 0.3.0 150.31 OK
r-devel-linux-x86_64-fedora-gcc 0.3.0 131.40 OK
r-devel-windows-x86_64 0.3.0 182.00 117.00 299.00 OK
r-patched-linux-x86_64 0.3.0 50.28 44.47 94.75 OK
r-release-linux-x86_64 0.3.0 38.90 44.92 83.82 OK
r-release-macos-arm64 0.3.0 48.00 OK
r-release-macos-x86_64 0.3.0 65.00 NOTE
r-release-windows-x86_64 0.3.0 90.00 121.00 211.00 OK
r-oldrel-macos-arm64 0.3.0 51.00 OK
r-oldrel-macos-x86_64 0.3.0 64.00 NOTE
r-oldrel-windows-ix86+x86_64 0.3.0 133.00 138.00 271.00 NOTE

Check Details

Version: 0.3.0
Check: installed package size
Result: NOTE
     installed size is 5.0Mb
     sub-directories of 1Mb or more:
     libs 4.8Mb
Flavors: r-release-macos-x86_64, r-oldrel-macos-x86_64, r-oldrel-windows-ix86+x86_64