Last updated on 2023-10-01 05:05:42 CEST.
Flavor | Version | Tinstall | Tcheck | Ttotal | Status | Flags |
---|---|---|---|---|---|---|
r-devel-linux-x86_64-debian-clang | 0.3.3 | 58.14 | 46.77 | 104.91 | OK | |
r-devel-linux-x86_64-debian-gcc | 0.3.3 | 38.17 | 36.79 | 74.96 | OK | |
r-devel-linux-x86_64-fedora-clang | 0.3.3 | 156.26 | OK | |||
r-devel-linux-x86_64-fedora-gcc | 0.3.3 | 149.59 | OK | |||
r-devel-windows-x86_64 | 0.3.3 | 55.00 | 106.00 | 161.00 | OK | |
r-patched-linux-x86_64 | 0.3.3 | 45.89 | 46.47 | 92.36 | OK | |
r-release-linux-x86_64 | 0.3.3 | 40.93 | 46.17 | 87.10 | OK | |
r-release-macos-arm64 | 0.3.3 | 52.00 | NOTE | |||
r-release-macos-x86_64 | 0.3.3 | 75.00 | NOTE | |||
r-release-windows-x86_64 | 0.3.3 | 73.00 | 117.00 | 190.00 | OK | |
r-oldrel-macos-arm64 | 0.3.3 | 50.00 | OK | |||
r-oldrel-macos-x86_64 | 0.3.3 | 69.00 | NOTE | |||
r-oldrel-windows-x86_64 | 0.3.3 | 59.00 | 103.00 | 162.00 | OK |
Version: 0.3.3
Check: installed package size
Result: NOTE
installed size is 5.0Mb
sub-directories of 1Mb or more:
libs 4.8Mb
Flavors: r-release-macos-arm64, r-release-macos-x86_64, r-oldrel-macos-x86_64