CRAN Package Check Results for Package gcerisk

Last updated on 2020-09-22 03:49:23 CEST.

Flavor Version Tinstall Tcheck Ttotal Status Flags
r-devel-linux-x86_64-debian-clang 19.05.24 8.48 73.94 82.42 OK
r-devel-linux-x86_64-debian-gcc 19.05.24 0.26 1.80 2.06 ERROR
r-devel-linux-x86_64-fedora-clang 19.05.24 109.68 OK
r-devel-linux-x86_64-fedora-gcc 19.05.24 101.55 OK
r-devel-windows-ix86+x86_64 19.05.24 22.00 83.00 105.00 OK
r-patched-linux-x86_64 19.05.24 9.41 70.30 79.71 OK
r-patched-solaris-x86 19.05.24 145.20 OK
r-release-linux-x86_64 19.05.24 8.78 71.42 80.20 OK
r-release-macos-x86_64 19.05.24 OK
r-release-windows-ix86+x86_64 19.05.24 21.00 76.00 97.00 OK
r-oldrel-macos-x86_64 19.05.24 OK
r-oldrel-windows-ix86+x86_64 19.05.24 13.00 88.00 101.00 OK

Check Details

Version: 19.05.24
Check: whether package can be installed
Result: ERROR
    Installation failed.
Flavor: r-devel-linux-x86_64-debian-gcc