CRAN Package Check Results for Package gbs2ploidy

Last updated on 2022-07-02 15:52:19 CEST.

Flavor Version Tinstall Tcheck Ttotal Status Flags
r-devel-linux-x86_64-debian-clang 1.0 1.64 33.11 34.75 NOTE
r-devel-linux-x86_64-debian-gcc 1.0 2.07 26.86 28.93 NOTE
r-devel-linux-x86_64-fedora-clang 1.0 52.99 NOTE
r-devel-linux-x86_64-fedora-gcc 1.0 52.26 NOTE
r-devel-windows-x86_64 1.0 18.00 63.00 81.00 NOTE
r-patched-linux-x86_64 1.0 2.69 32.87 35.56 OK
r-release-linux-x86_64 1.0 2.50 32.17 34.67 OK
r-release-macos-arm64 1.0 26.00 OK
r-release-macos-x86_64 1.0 28.00 OK
r-release-windows-x86_64 1.0 12.00 69.00 81.00 OK
r-oldrel-macos-arm64 1.0 20.00 OK
r-oldrel-macos-x86_64 1.0 36.00 OK
r-oldrel-windows-ix86+x86_64 1.0 6.00 49.00 55.00 OK

Check Details

Version: 1.0
Check: Rd files
Result: NOTE
    checkRd: (-1) estprops.Rd:40: Escaped LaTeX specials: \&
Flavors: r-devel-linux-x86_64-debian-clang, r-devel-linux-x86_64-debian-gcc, r-devel-linux-x86_64-fedora-clang, r-devel-linux-x86_64-fedora-gcc, r-devel-windows-x86_64