CRAN Package Check Results for Package gateR

Last updated on 2022-06-26 15:52:59 CEST.

Flavor Version Tinstall Tcheck Ttotal Status Flags
r-devel-linux-x86_64-debian-clang 0.1.10 39.32 424.17 463.49 OK
r-devel-linux-x86_64-debian-gcc 0.1.10 32.21 307.56 339.77 OK
r-devel-linux-x86_64-fedora-clang 0.1.10 538.35 NOTE
r-devel-linux-x86_64-fedora-gcc 0.1.10 547.84 NOTE
r-devel-windows-x86_64 0.1.10 36.00 395.00 431.00 OK
r-patched-linux-x86_64 0.1.10 39.00 403.97 442.97 OK
r-release-linux-x86_64 0.1.10 26.28 405.88 432.16 OK
r-release-macos-arm64 0.1.10 161.00 NOTE
r-release-macos-x86_64 0.1.10 240.00 NOTE
r-release-windows-x86_64 0.1.10 41.00 400.00 441.00 OK
r-oldrel-macos-arm64 0.1.10 132.00 NOTE
r-oldrel-macos-x86_64 0.1.10 178.00 NOTE
r-oldrel-windows-ix86+x86_64 0.1.10 87.00 413.00 500.00 OK

Check Details

Version: 0.1.10
Check: package dependencies
Result: NOTE
    Packages suggested but not available for checking:
     'flowWorkspaceData', 'ncdfFlow'
Flavors: r-devel-linux-x86_64-fedora-clang, r-devel-linux-x86_64-fedora-gcc, r-oldrel-macos-arm64

Version: 0.1.10
Check: dependencies in R code
Result: NOTE
    Namespace in Imports field not imported from: ‘tools’
     All declared Imports should be used.
Flavors: r-devel-linux-x86_64-fedora-clang, r-devel-linux-x86_64-fedora-gcc, r-release-macos-arm64, r-release-macos-x86_64, r-oldrel-macos-arm64, r-oldrel-macos-x86_64

Version: 0.1.10
Check: package dependencies
Result: NOTE
    Package suggested but not available for checking: ‘flowWorkspaceData’
Flavors: r-release-macos-x86_64, r-oldrel-macos-x86_64