CRAN Package Check Results for Package gaston

Last updated on 2022-06-30 03:53:23 CEST.

Flavor Version Tinstall Tcheck Ttotal Status Flags
r-devel-linux-x86_64-debian-clang 1.5.7 767.49 117.60 885.09 OK
r-devel-linux-x86_64-debian-gcc 1.5.7 597.75 102.18 699.93 OK
r-devel-linux-x86_64-fedora-clang 1.5.7 1333.41 NOTE
r-devel-linux-x86_64-fedora-gcc 1.5.7 1165.84 OK
r-devel-windows-x86_64 1.5.7 482.00 203.00 685.00 NOTE
r-patched-linux-x86_64 1.5.7 608.67 130.23 738.90 OK
r-release-linux-x86_64 1.5.7 621.37 130.64 752.01 OK
r-release-macos-arm64 1.5.7 277.00 NOTE
r-release-macos-x86_64 1.5.7 338.00 NOTE
r-release-windows-x86_64 1.5.7 482.00 202.00 684.00 NOTE
r-oldrel-macos-arm64 1.5.7 294.00 NOTE
r-oldrel-macos-x86_64 1.5.7 527.00 NOTE
r-oldrel-windows-ix86+x86_64 1.5.7 1607.00 238.00 1845.00 NOTE

Check Details

Version: 1.5.7
Check: installed package size
Result: NOTE
     installed size is 64.7Mb
     sub-directories of 1Mb or more:
     extdata 1.6Mb
     libs 61.3Mb
Flavors: r-devel-linux-x86_64-fedora-clang, r-devel-windows-x86_64, r-release-macos-arm64, r-release-macos-x86_64, r-release-windows-x86_64, r-oldrel-macos-arm64, r-oldrel-macos-x86_64, r-oldrel-windows-ix86+x86_64

Version: 1.5.7
Check: Rd cross-references
Result: NOTE
    Undeclared package ‘RcppEigen’ in Rd xrefs
Flavor: r-devel-linux-x86_64-fedora-clang