Last updated on 2022-06-28 03:51:32 CEST.
Flavor | Version | Tinstall | Tcheck | Ttotal | Status | Flags |
---|---|---|---|---|---|---|
r-devel-linux-x86_64-debian-clang | 0.5.5 | 445.93 | 190.54 | 636.47 | NOTE | |
r-devel-linux-x86_64-debian-gcc | 0.5.5 | 422.56 | 158.78 | 581.34 | NOTE | |
r-devel-linux-x86_64-fedora-clang | 0.5.5 | 908.15 | NOTE | |||
r-devel-linux-x86_64-fedora-gcc | 0.5.5 | 971.00 | NOTE | |||
r-devel-windows-x86_64 | 0.5.5 | 307.00 | 239.00 | 546.00 | NOTE | |
r-patched-linux-x86_64 | 0.5.5 | 435.04 | 205.87 | 640.91 | NOTE | |
r-release-linux-x86_64 | 0.5.5 | 343.11 | 203.52 | 546.63 | NOTE | |
r-release-macos-arm64 | 0.5.5 | 208.00 | NOTE | |||
r-release-macos-x86_64 | 0.5.5 | 311.00 | NOTE | |||
r-release-windows-x86_64 | 0.5.5 | 300.00 | 240.00 | 540.00 | NOTE | |
r-oldrel-macos-arm64 | 0.5.5 | 219.00 | NOTE | |||
r-oldrel-macos-x86_64 | 0.5.5 | 293.00 | NOTE | |||
r-oldrel-windows-ix86+x86_64 | 0.5.5 | 529.00 | 206.00 | 735.00 | NOTE |
Version: 0.5.5
Check: for GNU extensions in Makefiles
Result: NOTE
GNU make is a SystemRequirements.
Flavors: r-devel-linux-x86_64-debian-clang, r-devel-linux-x86_64-debian-gcc, r-devel-linux-x86_64-fedora-clang, r-devel-linux-x86_64-fedora-gcc, r-devel-windows-x86_64, r-patched-linux-x86_64, r-release-linux-x86_64, r-release-macos-arm64, r-release-macos-x86_64, r-release-windows-x86_64, r-oldrel-macos-arm64, r-oldrel-macos-x86_64, r-oldrel-windows-ix86+x86_64
Version: 0.5.5
Check: installed package size
Result: NOTE
installed size is 57.5Mb
sub-directories of 1Mb or more:
libs 57.0Mb
Flavors: r-devel-linux-x86_64-fedora-clang, r-release-macos-arm64, r-release-macos-x86_64, r-oldrel-macos-arm64, r-oldrel-macos-x86_64