CRAN Package Check Results for Package garchx

Last updated on 2024-07-24 15:51:37 CEST.

Flavor Version Tinstall Tcheck Ttotal Status Flags
r-devel-linux-x86_64-debian-clang 1.5 4.79 36.94 41.73 NOTE
r-devel-linux-x86_64-debian-gcc 1.5 3.34 27.21 30.55 NOTE
r-devel-linux-x86_64-fedora-clang 1.5 52.62 NOTE
r-devel-linux-x86_64-fedora-gcc 1.5 48.50 NOTE
r-devel-windows-x86_64 1.5 7.00 52.00 59.00 NOTE
r-patched-linux-x86_64 1.5 5.79 35.09 40.88 NOTE
r-release-linux-x86_64 1.5 4.35 33.74 38.09 NOTE
r-release-macos-arm64 1.5 19.00 NOTE
r-release-macos-x86_64 1.5 28.00 NOTE
r-release-windows-x86_64 1.5 7.00 51.00 58.00 NOTE
r-oldrel-macos-arm64 1.5 20.00 OK
r-oldrel-macos-x86_64 1.5 29.00 OK
r-oldrel-windows-x86_64 1.5 9.00 55.00 64.00 OK

Check Details

Version: 1.5
Check: Rd files
Result: NOTE checkRd: (-1) glag.Rd:7: Lost braces; missing escapes or markup? 7 | Similar to the \code{\link{lag}} function from the \code{stats} package, but \code{glag} enables padding (e.g. {NA}s or 0s) of the lost entries. Contrary to the \code{\link{lag}} function in the stats package, however, the default in \code{glag} is to pad (with \code{NA}s). The \code{glag} is particularly suited for \code{\link{zoo}} objects, since their indexing is retained | ^ Flavors: r-devel-linux-x86_64-debian-clang, r-devel-linux-x86_64-debian-gcc, r-devel-linux-x86_64-fedora-clang, r-devel-linux-x86_64-fedora-gcc, r-devel-windows-x86_64, r-patched-linux-x86_64, r-release-linux-x86_64, r-release-macos-arm64, r-release-macos-x86_64, r-release-windows-x86_64

Version: 1.5
Check: Rd cross-references
Result: NOTE Found the following Rd file(s) with Rd \link{} targets missing package anchors: coef.garchx.Rd: zoo garchx.Rd: zoo, na.trim garchxSim.Rd: zoo gdiff.Rd: zoo glag.Rd: zoo Please provide package anchors for all Rd \link{} targets not in the package itself and the base packages. Flavors: r-devel-linux-x86_64-debian-gcc, r-devel-windows-x86_64