CRAN Package Check Results for Package gap

Last updated on 2020-09-30 15:47:58 CEST.

Flavor Version Tinstall Tcheck Ttotal Status Flags
r-devel-linux-x86_64-debian-clang 1.2.2 21.67 111.86 133.53 OK
r-devel-linux-x86_64-debian-gcc 1.2.2 16.85 82.63 99.48 OK
r-devel-linux-x86_64-fedora-clang 1.2.2 183.50 NOTE
r-devel-linux-x86_64-fedora-gcc 1.2.2 168.29 OK
r-devel-windows-ix86+x86_64 1.2.2 52.00 121.00 173.00 NOTE
r-patched-linux-x86_64 1.2.2 21.45 105.26 126.71 NOTE
r-patched-solaris-x86 1.2.2 163.50 OK
r-release-linux-x86_64 1.2.2 20.11 105.58 125.69 NOTE
r-release-macos-x86_64 1.2.2 OK
r-release-windows-ix86+x86_64 1.2.2 50.00 122.00 172.00 OK
r-oldrel-macos-x86_64 1.2.2 OK
r-oldrel-windows-ix86+x86_64 1.2.2 56.00 119.00 175.00 OK

Check Details

Version: 1.2.2
Check: Rd cross-references
Result: NOTE
    Undeclared package ‘genetics’ in Rd xrefs
Flavor: r-devel-linux-x86_64-fedora-clang

Version: 1.2.2
Check: package dependencies
Result: NOTE
    Package suggested but not available for checking: 'BradleyTerry2'
Flavor: r-devel-windows-ix86+x86_64

Version: 1.2.2
Check: package dependencies
Result: NOTE
    Package suggested but not available for checking: ‘mets’
Flavors: r-patched-linux-x86_64, r-release-linux-x86_64