CRAN Package Check Results for Package gap

Last updated on 2022-05-21 15:49:55 CEST.

Flavor Version Tinstall Tcheck Ttotal Status Flags
r-devel-linux-x86_64-debian-clang 1.2.3-6 28.32 241.39 269.71 OK
r-devel-linux-x86_64-debian-gcc 1.2.3-6 22.35 173.39 195.74 OK
r-devel-linux-x86_64-fedora-clang 1.2.3-6 312.10 NOTE
r-devel-linux-x86_64-fedora-gcc 1.2.3-6 341.46 OK
r-devel-windows-x86_64 1.2.3-6 81.00 391.00 472.00 NOTE
r-patched-linux-x86_64 1.2.3-6 25.77 222.11 247.88 OK
r-release-linux-x86_64 1.2.3-6 22.72 226.99 249.71 OK
r-release-macos-arm64 1.2.3-6 106.00 NOTE
r-release-macos-x86_64 1.2.3-6 136.00 NOTE
r-release-windows-x86_64 1.2.3-6 78.00 335.00 413.00 NOTE
r-oldrel-macos-arm64 1.2.3-6 100.00 NOTE
r-oldrel-macos-x86_64 1.2.3-6 137.00 NOTE
r-oldrel-windows-ix86+x86_64 1.2.3-6 66.00 311.00 377.00 NOTE

Check Details

Version: 1.2.3-6
Check: installed package size
Result: NOTE
     installed size is 5.8Mb
     sub-directories of 1Mb or more:
     doc 4.2Mb
Flavors: r-devel-linux-x86_64-fedora-clang, r-devel-windows-x86_64, r-release-macos-arm64, r-release-macos-x86_64, r-release-windows-x86_64, r-oldrel-macos-arm64, r-oldrel-macos-x86_64, r-oldrel-windows-ix86+x86_64