CRAN Package Check Results for Package gamma

Last updated on 2021-04-11 15:46:49 CEST.

Flavor Version Tinstall Tcheck Ttotal Status Flags
r-devel-linux-x86_64-debian-clang 1.0.1 9.76 120.63 130.39 OK
r-devel-linux-x86_64-debian-gcc 1.0.1 7.30 86.89 94.19 OK
r-devel-linux-x86_64-fedora-clang 1.0.1 155.62 NOTE
r-devel-linux-x86_64-fedora-gcc 1.0.1 156.86 OK
r-devel-windows-ix86+x86_64 1.0.1 15.00 133.00 148.00 OK
r-devel-windows-x86_64-gcc10-UCRT 1.0.1 OK
r-patched-linux-x86_64 1.0.1 9.56 109.94 119.50 OK
r-patched-solaris-x86 1.0.1 202.80 OK
r-release-linux-x86_64 1.0.1 8.61 110.49 119.10 OK
r-release-macos-x86_64 1.0.1 OK
r-release-windows-ix86+x86_64 1.0.1 18.00 187.00 205.00 OK
r-oldrel-macos-x86_64 1.0.1 OK
r-oldrel-windows-ix86+x86_64 1.0.1 19.00 167.00 186.00 OK

Check Details

Version: 1.0.1
Check: Rd cross-references
Result: NOTE
    Undeclared package ‘hyperSpec’ in Rd xrefs
Flavor: r-devel-linux-x86_64-fedora-clang