CRAN Package Check Results for Package gamlss.dist

Last updated on 2020-11-30 03:47:41 CET.

Flavor Version Tinstall Tcheck Ttotal Status Flags
r-devel-linux-x86_64-debian-clang 5.1-7 73.97 222.71 296.68 OK
r-devel-linux-x86_64-debian-gcc 5.1-7 44.01 165.36 209.37 OK
r-devel-linux-x86_64-fedora-clang 5.1-7 341.03 NOTE
r-devel-linux-x86_64-fedora-gcc 5.1-7 345.10 OK
r-devel-windows-ix86+x86_64 5.1-7 95.00 265.00 360.00 OK
r-patched-linux-x86_64 5.1-7 70.29 212.94 283.23 OK
r-patched-solaris-x86 5.1-7 339.90 OK
r-release-linux-x86_64 5.1-7 71.86 201.55 273.41 OK
r-release-macos-x86_64 5.1-7 OK
r-release-windows-ix86+x86_64 5.1-7 100.00 196.00 296.00 OK
r-oldrel-macos-x86_64 5.1-7 OK
r-oldrel-windows-ix86+x86_64 5.1-7 91.00 225.00 316.00 OK

Check Details

Version: 5.1-7
Check: Rd cross-references
Result: NOTE
    Undeclared package ‘gamlss’ in Rd xrefs
Flavor: r-devel-linux-x86_64-fedora-clang