Last updated on 2022-06-26 15:52:59 CEST.
Flavor | Version | Tinstall | Tcheck | Ttotal | Status | Flags |
---|---|---|---|---|---|---|
r-devel-linux-x86_64-debian-clang | 0.62.3 | 6.42 | 157.45 | 163.87 | OK | |
r-devel-linux-x86_64-debian-gcc | 0.62.3 | 5.03 | 117.83 | 122.86 | OK | |
r-devel-linux-x86_64-fedora-clang | 0.62.3 | 199.25 | OK | |||
r-devel-linux-x86_64-fedora-gcc | 0.62.3 | 202.47 | OK | |||
r-devel-windows-x86_64 | 0.62.3 | 34.00 | 193.00 | 227.00 | OK | |
r-patched-linux-x86_64 | 0.62.3 | 6.08 | 144.73 | 150.81 | OK | |
r-release-linux-x86_64 | 0.62.3 | 4.60 | 145.37 | 149.97 | OK | |
r-release-macos-arm64 | 0.62.3 | 75.00 | NOTE | |||
r-release-macos-x86_64 | 0.62.3 | 89.00 | OK | |||
r-release-windows-x86_64 | 0.62.3 | 39.00 | 190.00 | 229.00 | OK | |
r-oldrel-macos-arm64 | 0.62.3 | 97.00 | OK | |||
r-oldrel-macos-x86_64 | 0.62.3 | 131.00 | OK | |||
r-oldrel-windows-ix86+x86_64 | 0.62.3 | 11.00 | 191.00 | 202.00 | OK |
Version: 0.62.3
Check: package dependencies
Result: NOTE
Package suggested but not available for checking: ‘DAAGbio’
Flavor: r-release-macos-arm64