Last updated on 2022-06-27 15:53:44 CEST.
Flavor | Version | Tinstall | Tcheck | Ttotal | Status | Flags |
---|---|---|---|---|---|---|
r-devel-linux-x86_64-debian-clang | 1.20.1 | 13.27 | 43.07 | 56.34 | NOTE | |
r-devel-linux-x86_64-debian-gcc | 1.20.1 | 10.56 | 32.28 | 42.84 | NOTE | |
r-devel-linux-x86_64-fedora-clang | 1.20.1 | 78.34 | NOTE | |||
r-devel-linux-x86_64-fedora-gcc | 1.20.1 | 77.09 | NOTE | |||
r-devel-windows-x86_64 | 1.20.1 | 32.00 | 68.00 | 100.00 | NOTE | |
r-patched-linux-x86_64 | 1.20.1 | 11.54 | 41.16 | 52.70 | OK | |
r-release-linux-x86_64 | 1.20.1 | 12.47 | 41.00 | 53.47 | OK | |
r-release-macos-arm64 | 1.20.1 | 32.00 | WARN | |||
r-release-macos-x86_64 | 1.20.1 | 36.00 | OK | |||
r-release-windows-x86_64 | 1.20.1 | 35.00 | 69.00 | 104.00 | OK | |
r-oldrel-macos-arm64 | 1.20.1 | 29.00 | OK | |||
r-oldrel-macos-x86_64 | 1.20.1 | 33.00 | OK | |||
r-oldrel-windows-ix86+x86_64 | 1.20.1 | 39.00 | 75.00 | 114.00 | OK |
Version: 1.20.1
Check: Rd files
Result: NOTE
checkRd: (-1) anova.gam.Rd:45: Escaped LaTeX specials: \&
checkRd: (-1) gam.Rd:234: Escaped LaTeX specials: \&
checkRd: (-1) gam.control.Rd:34: Escaped LaTeX specials: \&
checkRd: (-1) gam.scope.Rd:49: Escaped LaTeX specials: \&
checkRd: (-1) gam.smoothers.Rd:35: Escaped LaTeX specials: \&
checkRd: (-1) lo.Rd:104: Escaped LaTeX specials: \&
checkRd: (-1) na.gam.replace.Rd:32: Escaped LaTeX specials: \&
checkRd: (-1) plot.gam.Rd:77: Escaped LaTeX specials: \&
checkRd: (-1) predict.gam.Rd:74: Escaped LaTeX specials: \&
checkRd: (-1) random.Rd:79: Escaped LaTeX specials: \&
checkRd: (-1) s.Rd:74: Escaped LaTeX specials: \&
checkRd: (-1) step.gam.Rd:90: Escaped LaTeX specials: \&
Flavors: r-devel-linux-x86_64-debian-clang, r-devel-linux-x86_64-debian-gcc, r-devel-linux-x86_64-fedora-clang, r-devel-linux-x86_64-fedora-gcc, r-devel-windows-x86_64
Version: 1.20.1
Check: whether package can be installed
Result: WARN
Found the following significant warnings:
Warning: ‘zrank’ is used uninitialized [-Wuninitialized]
Flavor: r-release-macos-arm64